{"id":413,"date":"2025-02-26T12:17:19","date_gmt":"2025-02-26T11:17:19","guid":{"rendered":"https:\/\/lerousseaugrenoble.fr\/boutique\/?post_type=product&#038;p=413"},"modified":"2025-08-04T12:13:57","modified_gmt":"2025-08-04T10:13:57","slug":"refosco-del-peduncolo-ronchi-di-cialla-2004","status":"publish","type":"product","link":"https:\/\/lerousseaugrenoble.fr\/boutique\/produit\/refosco-del-peduncolo-ronchi-di-cialla-2004\/","title":{"rendered":"Refosco del Peduncolo Ronchi Di Cialla 2004"},"content":{"rendered":"<p data-start=\"0\" data-end=\"263\"><strong data-start=\"0\" data-end=\"52\">Refosco del Peduncolo Ronchi Di Cialla 2004 \ud83d\udccd\ud83c\udf47<\/strong><br data-start=\"52\" data-end=\"55\" \/>Un vin puissant et \u00e9l\u00e9gant issu d\u2019un c\u00e9page autochtone du Frioul, le Refosco del Peduncolo Rosso. Ce mill\u00e9sime 2004, patiemment \u00e9lev\u00e9, exprime toute la richesse et la complexit\u00e9 de ce grand terroir italien.<\/p>\n<h3 data-start=\"265\" data-end=\"298\"><strong data-start=\"269\" data-end=\"296\">Caract\u00e9ristiques du vin<\/strong><\/h3>\n<p data-start=\"299\" data-end=\"474\">\ud83d\udcc5 <strong data-start=\"302\" data-end=\"315\">Mill\u00e9sime<\/strong> : 2004<br data-start=\"322\" data-end=\"325\" \/>\ud83d\udccd <strong data-start=\"328\" data-end=\"338\">R\u00e9gion<\/strong> : Frioul-V\u00e9n\u00e9tie Julienne, Italie<br data-start=\"372\" data-end=\"375\" \/>\ud83c\udf47 <strong data-start=\"378\" data-end=\"388\">C\u00e9page<\/strong> : Refosco del Peduncolo Rosso<br data-start=\"418\" data-end=\"421\" \/>\ud83c\udf7e <strong data-start=\"424\" data-end=\"434\" data-is-only-node=\"\">Format<\/strong> : 75 cl<br data-start=\"442\" data-end=\"445\" \/>% <strong data-start=\"447\" data-end=\"464\">Taux d\u2019alcool<\/strong> : 12,5%<\/p>\n<h3 data-start=\"476\" data-end=\"497\"><strong data-start=\"480\" data-end=\"495\">D\u00e9gustation<\/strong><\/h3>\n<p data-start=\"498\" data-end=\"824\">\ud83d\udc43 <strong data-start=\"501\" data-end=\"508\">Nez<\/strong> : Intense et profond, avec des ar\u00f4mes de fruits noirs confits (cerise, prune), de cacao, de cuir et une touche balsamique.<br data-start=\"631\" data-end=\"634\" \/>\ud83d\udc44 <strong data-start=\"637\" data-end=\"647\">Bouche<\/strong> : Structur\u00e9e et ample, marqu\u00e9e par des tanins soyeux et une acidit\u00e9 \u00e9quilibr\u00e9e. Des notes de fruits m\u00fbrs, d\u2019\u00e9pices et de r\u00e9glisse s\u2019\u00e9tirent sur une finale longue et \u00e9l\u00e9gante.<\/p>\n<h3 data-start=\"826\" data-end=\"855\"><strong data-start=\"830\" data-end=\"853\">Accords mets &amp; vins<\/strong><\/h3>\n<p data-start=\"856\" data-end=\"945\">Id\u00e9al avec des viandes brais\u00e9es, du gibier, des plats en sauce et des fromages affin\u00e9s.<\/p>\n<h3 data-start=\"947\" data-end=\"984\"><strong data-start=\"951\" data-end=\"982\">Un vin de garde d\u2019exception<\/strong><\/h3>\n<p data-start=\"985\" data-end=\"1113\" data-is-last-node=\"\" data-is-only-node=\"\">Avec plus de 20 ans d\u2019\u00e9volution, ce Refosco offre une profondeur unique, parfaite pour les amateurs de grands vins italiens. \ud83c\udf77\u2728<\/p>\n","protected":false},"excerpt":{"rendered":"<p data-start=\"0\" data-end=\"149\"><strong data-start=\"0\" data-end=\"52\">Refosco del Peduncolo Ronchi Di Cialla 2004 \ud83d\udccd\ud83c\udf47<\/strong><br data-start=\"52\" data-end=\"55\" \/>Un Refosco d\u2019exception, alliant profondeur et \u00e9l\u00e9gance, avec une belle \u00e9volution aromatique.<\/p>\n<p data-start=\"151\" data-end=\"304\">\ud83d\udcc5 Mill\u00e9sime : 2004<br data-start=\"170\" data-end=\"173\" \/>\ud83d\udccd R\u00e9gion : Frioul-V\u00e9n\u00e9tie Julienne, Italie<br data-start=\"216\" data-end=\"219\" \/>\ud83c\udf47 C\u00e9page : Refosco del Peduncolo Rosso<br data-start=\"258\" data-end=\"261\" \/>\ud83c\udf7e Format : 75 cl<br data-start=\"278\" data-end=\"281\" \/>% Taux d\u2019alcool : 12,5%<\/p>\n<p data-start=\"306\" data-end=\"442\">\ud83d\udc43 Nez : Ar\u00f4mes de fruits noirs, cacao, \u00e9pices et notes \u00e9volu\u00e9es.<br data-start=\"371\" data-end=\"374\" \/>\ud83d\udc44 Bouche : Structur\u00e9e, tanins affin\u00e9s, finale longue et \u00e9l\u00e9gante.<\/p>\n<p data-start=\"444\" data-end=\"503\" data-is-last-node=\"\" data-is-only-node=\"\">Un grand vin de garde, parfait pour des plats raffin\u00e9s. \ud83c\udf77\u2728<\/p>\n","protected":false},"featured_media":569,"comment_status":"open","ping_status":"closed","template":"","meta":[],"product_brand":[],"product_cat":[132,140,25,310],"product_tag":[],"class_list":{"0":"post-413","1":"product","2":"type-product","3":"status-publish","4":"has-post-thumbnail","6":"product_cat-italie","7":"product_cat-vignerons-ronchi-di-cialla","8":"product_cat-bouteilles-vins-rouges","9":"product_cat-vins-rouges-italie","12":"first","13":"instock","14":"shipping-taxable","15":"purchasable","16":"product-type-simple"},"_links":{"self":[{"href":"https:\/\/lerousseaugrenoble.fr\/boutique\/wp-json\/wp\/v2\/product\/413","targetHints":{"allow":["GET"]}}],"collection":[{"href":"https:\/\/lerousseaugrenoble.fr\/boutique\/wp-json\/wp\/v2\/product"}],"about":[{"href":"https:\/\/lerousseaugrenoble.fr\/boutique\/wp-json\/wp\/v2\/types\/product"}],"replies":[{"embeddable":true,"href":"https:\/\/lerousseaugrenoble.fr\/boutique\/wp-json\/wp\/v2\/comments?post=413"}],"version-history":[{"count":3,"href":"https:\/\/lerousseaugrenoble.fr\/boutique\/wp-json\/wp\/v2\/product\/413\/revisions"}],"predecessor-version":[{"id":25416,"href":"https:\/\/lerousseaugrenoble.fr\/boutique\/wp-json\/wp\/v2\/product\/413\/revisions\/25416"}],"wp:featuredmedia":[{"embeddable":true,"href":"https:\/\/lerousseaugrenoble.fr\/boutique\/wp-json\/wp\/v2\/media\/569"}],"wp:attachment":[{"href":"https:\/\/lerousseaugrenoble.fr\/boutique\/wp-json\/wp\/v2\/media?parent=413"}],"wp:term":[{"taxonomy":"product_brand","embeddable":true,"href":"https:\/\/lerousseaugrenoble.fr\/boutique\/wp-json\/wp\/v2\/product_brand?post=413"},{"taxonomy":"product_cat","embeddable":true,"href":"https:\/\/lerousseaugrenoble.fr\/boutique\/wp-json\/wp\/v2\/product_cat?post=413"},{"taxonomy":"product_tag","embeddable":true,"href":"https:\/\/lerousseaugrenoble.fr\/boutique\/wp-json\/wp\/v2\/product_tag?post=413"}],"curies":[{"name":"wp","href":"https:\/\/api.w.org\/{rel}","templated":true}]}}