{"id":296,"date":"2025-02-25T13:54:47","date_gmt":"2025-02-25T12:54:47","guid":{"rendered":"https:\/\/lerousseaugrenoble.fr\/boutique\/?post_type=product&#038;p=296"},"modified":"2025-08-06T13:10:58","modified_gmt":"2025-08-06T11:10:58","slug":"ancestral-julien-courtois-2019","status":"publish","type":"product","link":"https:\/\/lerousseaugrenoble.fr\/boutique\/produit\/ancestral-julien-courtois-2019\/","title":{"rendered":"Ancestral Julien Courtois 2019"},"content":{"rendered":"<div class=\"flex max-w-full flex-col flex-grow\">\n<div class=\"min-h-8 text-message relative flex w-full flex-col items-end gap-2 whitespace-normal break-words text-start [.text-message+&amp;]:mt-5\" dir=\"auto\" data-message-author-role=\"assistant\" data-message-id=\"d3f32974-14bb-469a-8758-481405390c33\" data-message-model-slug=\"gpt-4o-mini\">\n<div class=\"flex w-full flex-col gap-1 empty:hidden first:pt-[3px]\">\n<div class=\"markdown prose w-full break-words dark:prose-invert dark\">\n<h3 data-start=\"0\" data-end=\"43\"><strong data-start=\"4\" data-end=\"43\">Ancestral Julien Courtois 2019 \ud83d\udccd\ud83c\udf47<\/strong><\/h3>\n<p data-start=\"45\" data-end=\"566\">L&#8217;<strong data-start=\"47\" data-end=\"81\">Ancestral Julien Courtois 2019<\/strong> est un vin embl\u00e9matique qui incarne le travail m\u00e9ticuleux du vigneron dans le respect des traditions. N\u00e9 de la volont\u00e9 de produire un vin qui refl\u00e8te \u00e0 la fois le <strong data-start=\"245\" data-end=\"256\">terroir<\/strong> de la <strong data-start=\"263\" data-end=\"272\">Loire<\/strong> et le style singulier de Julien Courtois, cette cuv\u00e9e est \u00e9labor\u00e9e avec un <strong data-start=\"348\" data-end=\"366\">c\u00e9page sauvage<\/strong>, ferment\u00e9 naturellement et sans intrants. Un vin en parfaite harmonie avec la nature, o\u00f9 chaque mill\u00e9sime r\u00e9v\u00e8le l\u2019authenticit\u00e9 et la puret\u00e9 des raisins, dans un style <strong data-start=\"535\" data-end=\"546\">naturel<\/strong> et <strong data-start=\"550\" data-end=\"565\">minimaliste<\/strong>.<\/p>\n<h3 data-start=\"568\" data-end=\"601\"><strong data-start=\"572\" data-end=\"599\">Caract\u00e9ristiques du Vin<\/strong><\/h3>\n<p data-start=\"602\" data-end=\"728\">\ud83d\udcc5 <strong data-start=\"605\" data-end=\"618\">Mill\u00e9sime<\/strong> : 2019<br data-start=\"625\" data-end=\"628\" \/>\ud83d\udccd <strong data-start=\"631\" data-end=\"641\">R\u00e9gion<\/strong> : Loire<br data-start=\"649\" data-end=\"652\" \/>\ud83c\udf47 <strong data-start=\"655\" data-end=\"665\">C\u00e9page<\/strong> : Assemblage de c\u00f4t, gamay, franc de pied et gascon vinifi\u00e9s en egrapp\u00e9 et \u00e9lev\u00e9s en f\u00fbts.<br data-start=\"675\" data-end=\"678\" \/>\ud83c\udf7e <strong data-start=\"681\" data-end=\"691\">Format<\/strong> : 75 cl<br data-start=\"699\" data-end=\"702\" \/>% <strong data-start=\"704\" data-end=\"721\">Taux d\u2019alcool<\/strong> : 12 %<\/p>\n<h3 data-start=\"730\" data-end=\"751\"><strong data-start=\"734\" data-end=\"749\">D\u00e9gustation<\/strong><\/h3>\n<p data-start=\"752\" data-end=\"1306\">\ud83d\udc43 <strong data-start=\"755\" data-end=\"762\">Nez<\/strong> : Le nez est un v\u00e9ritable bouquet d\u2019ar\u00f4mes fruit\u00e9s et \u00e9pic\u00e9s, m\u00ealant des notes de <strong data-start=\"845\" data-end=\"854\">poire<\/strong> et de <strong data-start=\"861\" data-end=\"876\">pomme verte<\/strong>, avec une pointe d&#8217;agrumes et de fleurs blanches. Un c\u00f4t\u00e9 frais et d\u00e9licat se d\u00e9gage, offrant un parfum fin et agr\u00e9able.<br data-start=\"997\" data-end=\"1000\" \/>\ud83d\udc44 <strong data-start=\"1003\" data-end=\"1013\">Bouche<\/strong> : L\u2019attaque est vive et croquante, offrant une belle fra\u00eecheur et une texture l\u00e9g\u00e8re mais bien structur\u00e9e. La <strong data-start=\"1124\" data-end=\"1138\">min\u00e9ralit\u00e9<\/strong> du terroir se fait sentir, soutenue par des ar\u00f4mes fruit\u00e9s et floraux qui persistent en bouche. La finale est nette et propre, laissant place \u00e0 une belle <strong data-start=\"1293\" data-end=\"1305\" data-is-only-node=\"\">longueur<\/strong>.<\/p>\n<h3 data-start=\"1308\" data-end=\"1342\"><strong data-start=\"1312\" data-end=\"1340\">Vin naturel de caract\u00e8re<\/strong><\/h3>\n<p data-start=\"1343\" data-end=\"1707\" data-is-last-node=\"\" data-is-only-node=\"\">L\u2019<strong data-start=\"1345\" data-end=\"1379\">Ancestral Julien Courtois 2019<\/strong> est un vin <strong data-start=\"1391\" data-end=\"1402\">naturel<\/strong>, sans artifice, qui permet de d\u00e9couvrir le terroir de la Loire sous un autre angle. Il peut \u00eatre appr\u00e9ci\u00e9 d\u00e8s aujourd&#8217;hui pour sa fra\u00eecheur et son c\u00f4t\u00e9 vibrant, ou laiss\u00e9 en cave pour \u00e9voluer et r\u00e9v\u00e9ler de nouvelles facettes. Un vin \u00e0 la fois pur et authentique, \u00e0 savourer avec attention et passion. \ud83c\udf77\u2728<\/p>\n<\/div>\n<\/div>\n<\/div>\n<\/div>\n","protected":false},"excerpt":{"rendered":"<div class=\"flex max-w-full flex-col flex-grow\">\n<div class=\"min-h-8 text-message relative flex w-full flex-col items-end gap-2 whitespace-normal break-words text-start [.text-message+&amp;]:mt-5\" dir=\"auto\" data-message-author-role=\"assistant\" data-message-id=\"2e27d49b-9a93-4f02-bce6-a59262ce43c0\" data-message-model-slug=\"gpt-4o-mini\">\n<div class=\"flex w-full flex-col gap-1 empty:hidden first:pt-[3px]\">\n<div class=\"markdown prose w-full break-words dark:prose-invert dark\">\n<p data-start=\"0\" data-end=\"39\"><strong data-start=\"0\" data-end=\"39\">Ancestral Julien Courtois 2019 \ud83d\udccd\ud83c\udf47<\/strong><\/p>\n<p data-start=\"41\" data-end=\"215\">Un vin naturel de la Loire sign\u00e9 Julien Courtois, \u00e9labor\u00e9 avec un <strong data-start=\"107\" data-end=\"125\">c\u00e9page sauvage<\/strong> et vinifi\u00e9 sans intrants, offrant une <strong data-start=\"164\" data-end=\"174\">puret\u00e9<\/strong> et une <strong data-start=\"182\" data-end=\"198\">authenticit\u00e9<\/strong> exceptionnelles.<\/p>\n<p data-start=\"217\" data-end=\"343\">\ud83d\udcc5 <strong data-start=\"220\" data-end=\"233\">Mill\u00e9sime<\/strong> : 2019<br data-start=\"240\" data-end=\"243\" \/>\ud83d\udccd <strong data-start=\"246\" data-end=\"256\">R\u00e9gion<\/strong> : Loire<br data-start=\"264\" data-end=\"267\" data-is-only-node=\"\" \/>\ud83c\udf47 <strong data-start=\"270\" data-end=\"280\">C\u00e9page<\/strong> : \u00a0Assemblage de c\u00f4t, gamay, franc de pied et gascon vinifi\u00e9s en egrapp\u00e9 et \u00e9lev\u00e9s en f\u00fbts.<br data-start=\"290\" data-end=\"293\" \/>\ud83c\udf7e <strong data-start=\"296\" data-end=\"306\">Format<\/strong> : 75 cl<br data-start=\"314\" data-end=\"317\" \/>% <strong data-start=\"319\" data-end=\"336\">Taux d\u2019alcool<\/strong> : 12 %<\/p>\n<p data-start=\"345\" data-end=\"512\">\ud83d\udc43 <strong data-start=\"348\" data-end=\"355\">Nez<\/strong> : Notes de <strong data-start=\"367\" data-end=\"376\">poire<\/strong>, <strong data-start=\"378\" data-end=\"393\">pomme verte<\/strong> et touches florales.<br data-start=\"414\" data-end=\"417\" \/>\ud83d\udc44 <strong data-start=\"420\" data-end=\"430\">Bouche<\/strong> : Fra\u00eeche et croquante avec une <strong data-start=\"463\" data-end=\"477\">min\u00e9ralit\u00e9<\/strong> marqu\u00e9e et une belle <strong data-start=\"499\" data-end=\"511\">longueur<\/strong>.<\/p>\n<p data-start=\"514\" data-end=\"601\" data-is-last-node=\"\" data-is-only-node=\"\">Un vin naturel rafra\u00eechissant et \u00e9l\u00e9gant, \u00e0 d\u00e9guster maintenant ou en vieillissant. \ud83c\udf77\u2728<\/p>\n<\/div>\n<\/div>\n<\/div>\n<\/div>\n","protected":false},"featured_media":435,"comment_status":"open","ping_status":"closed","template":"","meta":[],"product_brand":[],"product_cat":[174,25,303],"product_tag":[],"class_list":{"0":"post-296","1":"product","2":"type-product","3":"status-publish","4":"has-post-thumbnail","6":"product_cat-loire","7":"product_cat-bouteilles-vins-rouges","8":"product_cat-vins-rouges-loire","11":"first","12":"instock","13":"shipping-taxable","14":"purchasable","15":"product-type-simple"},"_links":{"self":[{"href":"https:\/\/lerousseaugrenoble.fr\/boutique\/wp-json\/wp\/v2\/product\/296","targetHints":{"allow":["GET"]}}],"collection":[{"href":"https:\/\/lerousseaugrenoble.fr\/boutique\/wp-json\/wp\/v2\/product"}],"about":[{"href":"https:\/\/lerousseaugrenoble.fr\/boutique\/wp-json\/wp\/v2\/types\/product"}],"replies":[{"embeddable":true,"href":"https:\/\/lerousseaugrenoble.fr\/boutique\/wp-json\/wp\/v2\/comments?post=296"}],"version-history":[{"count":3,"href":"https:\/\/lerousseaugrenoble.fr\/boutique\/wp-json\/wp\/v2\/product\/296\/revisions"}],"predecessor-version":[{"id":25435,"href":"https:\/\/lerousseaugrenoble.fr\/boutique\/wp-json\/wp\/v2\/product\/296\/revisions\/25435"}],"wp:featuredmedia":[{"embeddable":true,"href":"https:\/\/lerousseaugrenoble.fr\/boutique\/wp-json\/wp\/v2\/media\/435"}],"wp:attachment":[{"href":"https:\/\/lerousseaugrenoble.fr\/boutique\/wp-json\/wp\/v2\/media?parent=296"}],"wp:term":[{"taxonomy":"product_brand","embeddable":true,"href":"https:\/\/lerousseaugrenoble.fr\/boutique\/wp-json\/wp\/v2\/product_brand?post=296"},{"taxonomy":"product_cat","embeddable":true,"href":"https:\/\/lerousseaugrenoble.fr\/boutique\/wp-json\/wp\/v2\/product_cat?post=296"},{"taxonomy":"product_tag","embeddable":true,"href":"https:\/\/lerousseaugrenoble.fr\/boutique\/wp-json\/wp\/v2\/product_tag?post=296"}],"curies":[{"name":"wp","href":"https:\/\/api.w.org\/{rel}","templated":true}]}}