{"id":281,"date":"2025-02-25T13:13:28","date_gmt":"2025-02-25T12:13:28","guid":{"rendered":"https:\/\/lerousseaugrenoble.fr\/boutique\/?post_type=product&#038;p=281"},"modified":"2025-05-09T13:28:25","modified_gmt":"2025-05-09T11:28:25","slug":"vdf-la-rosee-du-pilat-francois-dumas-2021","status":"publish","type":"product","link":"https:\/\/lerousseaugrenoble.fr\/boutique\/produit\/vdf-la-rosee-du-pilat-francois-dumas-2021\/","title":{"rendered":"VDF La Ros\u00e9e du Pilat Fran\u00e7ois Dumas 2021"},"content":{"rendered":"<div class=\"flex max-w-full flex-col flex-grow\">\n<div class=\"min-h-8 text-message relative flex w-full flex-col items-end gap-2 whitespace-normal break-words text-start [.text-message+&amp;]:mt-5\" dir=\"auto\" data-message-author-role=\"assistant\" data-message-id=\"2310b3c7-e9e8-46ee-b1f6-3253328168d3\" data-message-model-slug=\"gpt-4o\">\n<div class=\"flex w-full flex-col gap-1 empty:hidden first:pt-[3px]\">\n<div class=\"markdown prose w-full break-words dark:prose-invert dark\">\n<h3 data-start=\"0\" data-end=\"58\"><strong data-start=\"4\" data-end=\"56\">VDF La Ros\u00e9e du Pilat 2021 \u2013 Fran\u00e7ois Dumas \ud83d\udccd\ud83c\udf47<\/strong><\/h3>\n<p data-start=\"60\" data-end=\"361\">Le <strong data-start=\"63\" data-end=\"93\">VDF La Ros\u00e9e du Pilat 2021<\/strong> de <strong data-start=\"97\" data-end=\"115\">Fran\u00e7ois Dumas<\/strong> est un ros\u00e9 naturel \u00e9l\u00e9gant et d\u00e9licat, issu d\u2019une vinification artisanale respectueuse du fruit et du terroir. Ce <strong data-start=\"231\" data-end=\"249\">mill\u00e9sime 2021<\/strong> s\u00e9duit par son \u00e9quilibre entre fra\u00eecheur et complexit\u00e9 aromatique, offrant une belle expression de la nature.<\/p>\n<hr data-start=\"363\" data-end=\"368\" \/>\n<h3 data-start=\"370\" data-end=\"403\"><strong data-start=\"374\" data-end=\"401\">Caract\u00e9ristiques du Vin<\/strong><\/h3>\n<p data-start=\"405\" data-end=\"569\">\ud83d\udcc5 <strong data-start=\"408\" data-end=\"421\">Mill\u00e9sime<\/strong> : 2021<br data-start=\"428\" data-end=\"431\" \/>\ud83d\udccd <strong data-start=\"434\" data-end=\"444\">R\u00e9gion<\/strong> : <strong data-start=\"447\" data-end=\"464\">Vin de France<\/strong><br data-start=\"464\" data-end=\"467\" \/>\ud83c\udf47 <strong data-start=\"470\" data-end=\"480\">C\u00e9page<\/strong> : Assemblage naturel<br data-start=\"501\" data-end=\"504\" \/>\ud83c\udf7e <strong data-start=\"507\" data-end=\"517\">Format<\/strong> : <strong data-start=\"520\" data-end=\"529\">75 cl<\/strong><br data-start=\"529\" data-end=\"532\" data-is-only-node=\"\" \/>% <strong data-start=\"534\" data-end=\"551\">Taux d\u2019alcool<\/strong> : <strong data-start=\"554\" data-end=\"567\">12 % vol.<\/strong><\/p>\n<hr data-start=\"571\" data-end=\"576\" \/>\n<h3 data-start=\"578\" data-end=\"599\"><strong data-start=\"582\" data-end=\"597\">D\u00e9gustation<\/strong><\/h3>\n<p data-start=\"601\" data-end=\"909\">\ud83d\udc43 <strong data-start=\"604\" data-end=\"611\">Nez<\/strong> : Fin et subtil, m\u00ealant des notes de <strong data-start=\"649\" data-end=\"754\">petits fruits rouges (fraises des bois, groseilles), d\u2019agrumes zest\u00e9s et de fleurs blanches d\u00e9licates<\/strong>.<br data-start=\"755\" data-end=\"758\" \/>\ud83d\udc44 <strong data-start=\"761\" data-end=\"771\">Bouche<\/strong> : Vive et rafra\u00eechissante, avec une belle tension min\u00e9rale et une finale gourmande sur des touches de <strong data-start=\"874\" data-end=\"906\">framboise et de pamplemousse<\/strong>.<\/p>\n<hr data-start=\"911\" data-end=\"916\" \/>\n<h3 data-start=\"918\" data-end=\"954\"><strong data-start=\"922\" data-end=\"952\">Un Ros\u00e9 \u00c9l\u00e9gant et Naturel<\/strong><\/h3>\n<p data-start=\"956\" data-end=\"1270\" data-is-last-node=\"\" data-is-only-node=\"\">Issu d\u2019une approche minimaliste et d\u2019un travail en biodynamie, <strong data-start=\"1019\" data-end=\"1045\">La Ros\u00e9e du Pilat 2021<\/strong> est un ros\u00e9 authentique et a\u00e9rien, parfait pour accompagner des instants de convivialit\u00e9. Sa fra\u00eecheur et son caract\u00e8re d\u00e9licat en font un vin <strong data-start=\"1189\" data-end=\"1216\">polyvalent et s\u00e9duisant<\/strong>, id\u00e9al pour les amateurs de vins purs et vivants. \ud83c\udf38\u2728<\/p>\n<\/div>\n<\/div>\n<\/div>\n<\/div>\n","protected":false},"excerpt":{"rendered":"<h3 data-start=\"0\" data-end=\"58\"><strong data-start=\"4\" data-end=\"56\">VDF La Ros\u00e9e du Pilat 2021 \u2013 Fran\u00e7ois Dumas \ud83d\udccd\ud83c\udf47<\/strong><\/h3>\n<p data-start=\"60\" data-end=\"309\">Un <strong data-start=\"63\" data-end=\"79\">ros\u00e9 naturel<\/strong> tout en finesse, sign\u00e9 <strong data-start=\"103\" data-end=\"121\">Fran\u00e7ois Dumas<\/strong>. Ce <strong data-start=\"126\" data-end=\"144\">mill\u00e9sime 2021<\/strong> s\u00e9duit par ses ar\u00f4mes d\u00e9licats de <strong data-start=\"179\" data-end=\"236\">petits fruits rouges, d\u2019agrumes et de fleurs blanches<\/strong>, avec une bouche fra\u00eeche et \u00e9l\u00e9gante, soutenue par une belle vivacit\u00e9.<\/p>\n<p data-start=\"311\" data-end=\"475\">\ud83d\udcc5 <strong data-start=\"314\" data-end=\"327\">Mill\u00e9sime<\/strong> : 2021<br data-start=\"334\" data-end=\"337\" \/>\ud83d\udccd <strong data-start=\"340\" data-end=\"350\" data-is-only-node=\"\">R\u00e9gion<\/strong> : <strong data-start=\"353\" data-end=\"370\">Vin de France<\/strong><br data-start=\"370\" data-end=\"373\" \/>\ud83c\udf47 <strong data-start=\"376\" data-end=\"386\">C\u00e9page<\/strong> : Assemblage naturel<br data-start=\"407\" data-end=\"410\" \/>\ud83c\udf7e <strong data-start=\"413\" data-end=\"423\">Format<\/strong> : <strong data-start=\"426\" data-end=\"435\">75 cl<\/strong><br data-start=\"435\" data-end=\"438\" \/>% <strong data-start=\"440\" data-end=\"457\">Taux d\u2019alcool<\/strong> : <strong data-start=\"460\" data-end=\"473\">12 % vol.<\/strong><\/p>\n<p data-start=\"477\" data-end=\"565\" data-is-last-node=\"\" data-is-only-node=\"\">Un ros\u00e9 <strong data-start=\"485\" data-end=\"520\">l\u00e9ger, pr\u00e9cis et rafra\u00eechissant<\/strong>, id\u00e9al pour les moments de convivialit\u00e9. \ud83c\udf38\u2728<\/p>\n","protected":false},"featured_media":25125,"comment_status":"open","ping_status":"closed","template":"","meta":[],"product_brand":[],"product_cat":[227,234,27,293],"product_tag":[],"class_list":{"0":"post-281","1":"product","2":"type-product","3":"status-publish","4":"has-post-thumbnail","6":"product_cat-cotes-du-rhone","7":"product_cat-vignerons-francois-dumas","8":"product_cat-bouteilles-vins-roses","9":"product_cat-vins-roses-cotes-du-rhone","12":"first","13":"instock","14":"sold-individually","15":"shipping-taxable","16":"purchasable","17":"product-type-simple"},"_links":{"self":[{"href":"https:\/\/lerousseaugrenoble.fr\/boutique\/wp-json\/wp\/v2\/product\/281","targetHints":{"allow":["GET"]}}],"collection":[{"href":"https:\/\/lerousseaugrenoble.fr\/boutique\/wp-json\/wp\/v2\/product"}],"about":[{"href":"https:\/\/lerousseaugrenoble.fr\/boutique\/wp-json\/wp\/v2\/types\/product"}],"replies":[{"embeddable":true,"href":"https:\/\/lerousseaugrenoble.fr\/boutique\/wp-json\/wp\/v2\/comments?post=281"}],"version-history":[{"count":1,"href":"https:\/\/lerousseaugrenoble.fr\/boutique\/wp-json\/wp\/v2\/product\/281\/revisions"}],"predecessor-version":[{"id":25128,"href":"https:\/\/lerousseaugrenoble.fr\/boutique\/wp-json\/wp\/v2\/product\/281\/revisions\/25128"}],"wp:featuredmedia":[{"embeddable":true,"href":"https:\/\/lerousseaugrenoble.fr\/boutique\/wp-json\/wp\/v2\/media\/25125"}],"wp:attachment":[{"href":"https:\/\/lerousseaugrenoble.fr\/boutique\/wp-json\/wp\/v2\/media?parent=281"}],"wp:term":[{"taxonomy":"product_brand","embeddable":true,"href":"https:\/\/lerousseaugrenoble.fr\/boutique\/wp-json\/wp\/v2\/product_brand?post=281"},{"taxonomy":"product_cat","embeddable":true,"href":"https:\/\/lerousseaugrenoble.fr\/boutique\/wp-json\/wp\/v2\/product_cat?post=281"},{"taxonomy":"product_tag","embeddable":true,"href":"https:\/\/lerousseaugrenoble.fr\/boutique\/wp-json\/wp\/v2\/product_tag?post=281"}],"curies":[{"name":"wp","href":"https:\/\/api.w.org\/{rel}","templated":true}]}}