{"id":271,"date":"2025-02-25T12:51:54","date_gmt":"2025-02-25T11:51:54","guid":{"rendered":"https:\/\/lerousseaugrenoble.fr\/boutique\/?post_type=product&#038;p=271"},"modified":"2025-05-09T13:38:52","modified_gmt":"2025-05-09T11:38:52","slug":"force-of-the-nature-corentin-houillon-2022","status":"publish","type":"product","link":"https:\/\/lerousseaugrenoble.fr\/boutique\/produit\/force-of-the-nature-corentin-houillon-2022\/","title":{"rendered":"Force of the Nature Corentin Houillon 2022"},"content":{"rendered":"<div class=\"flex max-w-full flex-col flex-grow\">\n<div class=\"min-h-8 text-message relative flex w-full flex-col items-end gap-2 whitespace-normal break-words text-start [.text-message+&amp;]:mt-5\" dir=\"auto\" data-message-author-role=\"assistant\" data-message-id=\"e4876265-6008-44ae-a867-ebd79ae9e415\" data-message-model-slug=\"gpt-4o\">\n<div class=\"flex w-full flex-col gap-1 empty:hidden first:pt-[3px]\">\n<div class=\"markdown prose w-full break-words dark:prose-invert dark\">\n<h3 data-start=\"0\" data-end=\"59\"><strong data-start=\"4\" data-end=\"57\">Force of the Nature 2022 \u2013 Corentin Houillon \ud83d\udccd\ud83c\udf47<\/strong><\/h3>\n<p data-start=\"61\" data-end=\"368\">Avec <strong data-start=\"66\" data-end=\"94\">Force of the Nature 2022<\/strong>, <strong data-start=\"96\" data-end=\"117\">Corentin Houillon<\/strong> signe un blanc puissant et vibrant, fid\u00e8le \u00e0 son approche <strong data-start=\"176\" data-end=\"200\">naturelle et vivante<\/strong>. Ce vin exprime avec intensit\u00e9 la richesse du terroir savoyard, offrant une exp\u00e9rience <strong data-start=\"288\" data-end=\"313\">\u00e9nergique et profonde<\/strong>, o\u00f9 tension et complexit\u00e9 aromatique se rencontrent.<\/p>\n<hr data-start=\"370\" data-end=\"375\" \/>\n<h3 data-start=\"377\" data-end=\"410\"><strong data-start=\"381\" data-end=\"408\">Caract\u00e9ristiques du Vin<\/strong><\/h3>\n<p data-start=\"412\" data-end=\"601\">\ud83d\udcc5 <strong data-start=\"415\" data-end=\"428\">Mill\u00e9sime<\/strong> : 2022, pr\u00e9cis et expressif.<br data-start=\"457\" data-end=\"460\" \/>\ud83d\udccd <strong data-start=\"463\" data-end=\"473\">R\u00e9gion<\/strong> : <strong data-start=\"476\" data-end=\"486\">Savoie<\/strong>.<br data-start=\"487\" data-end=\"490\" \/>\ud83c\udf47 <strong data-start=\"493\" data-end=\"503\">C\u00e9page<\/strong> : <strong data-start=\"506\" data-end=\"531\">Jacqu\u00e8re &amp; Chardonnay<\/strong>.<br data-start=\"532\" data-end=\"535\" \/>\ud83c\udf7e <strong data-start=\"538\" data-end=\"548\">Format<\/strong> : <strong data-start=\"551\" data-end=\"560\" data-is-only-node=\"\">75 cl<\/strong>.<br data-start=\"561\" data-end=\"564\" \/>% <strong data-start=\"566\" data-end=\"583\">Taux d\u2019alcool<\/strong> : <strong data-start=\"586\" data-end=\"599\">12 % vol.<\/strong><\/p>\n<hr data-start=\"603\" data-end=\"608\" \/>\n<h3 data-start=\"610\" data-end=\"631\"><strong data-start=\"614\" data-end=\"629\">D\u00e9gustation<\/strong><\/h3>\n<p data-start=\"633\" data-end=\"774\">\ud83d\udc43 <strong data-start=\"636\" data-end=\"643\">Nez<\/strong> : Intense et complexe, avec des ar\u00f4mes de <strong data-start=\"686\" data-end=\"771\">fruits blancs m\u00fbrs, zestes d\u2019agrumes, fleurs s\u00e9ch\u00e9es et une min\u00e9ralit\u00e9 tranchante<\/strong>.<\/p>\n<p data-start=\"776\" data-end=\"900\">\ud83d\udc44 <strong data-start=\"779\" data-end=\"789\">Bouche<\/strong> : <strong data-start=\"792\" data-end=\"818\">Structur\u00e9e et vibrante<\/strong>, avec une belle acidit\u00e9, une texture ample et une finale saline et persistante.<\/p>\n<hr data-start=\"902\" data-end=\"907\" \/>\n<h3 data-start=\"909\" data-end=\"946\"><strong data-start=\"913\" data-end=\"944\">Un Blanc Libre et \u00c9nergique<\/strong><\/h3>\n<p data-start=\"948\" data-end=\"1138\" data-is-last-node=\"\" data-is-only-node=\"\"><strong data-start=\"948\" data-end=\"976\">Force of the Nature 2022<\/strong> est un vin <strong data-start=\"988\" data-end=\"1007\">brut et sinc\u00e8re<\/strong>, taill\u00e9 pour les amateurs de <strong data-start=\"1037\" data-end=\"1077\">vins naturels profonds et dynamiques<\/strong>. Une cuv\u00e9e pleine de caract\u00e8re, \u00e0 d\u00e9couvrir absolument ! \ud83c\udf77\u2728<\/p>\n<\/div>\n<\/div>\n<\/div>\n<\/div>\n","protected":false},"excerpt":{"rendered":"<div class=\"flex max-w-full flex-col flex-grow\">\n<div class=\"min-h-8 text-message relative flex w-full flex-col items-end gap-2 whitespace-normal break-words text-start [.text-message+&amp;]:mt-5\" dir=\"auto\" data-message-author-role=\"assistant\" data-message-id=\"20d7eed0-3cc6-4253-bd65-c6d32f394355\" data-message-model-slug=\"gpt-4o\">\n<div class=\"flex w-full flex-col gap-1 empty:hidden first:pt-[3px]\">\n<div class=\"markdown prose w-full break-words dark:prose-invert dark\">\n<h3 data-start=\"0\" data-end=\"59\"><strong data-start=\"4\" data-end=\"57\">Force of the Nature 2022 \u2013 Corentin Houillon \ud83d\udccd\ud83c\udf47<\/strong><\/h3>\n<p data-start=\"61\" data-end=\"226\">Un blanc <strong data-start=\"70\" data-end=\"94\">\u00e9nergique et vibrant<\/strong>, o\u00f9 la <strong data-start=\"102\" data-end=\"131\">Jacqu\u00e8re et le Chardonnay<\/strong> r\u00e9v\u00e8lent toute la richesse du terroir savoyard. Une cuv\u00e9e nature, intense et sans compromis.<\/p>\n<p data-start=\"228\" data-end=\"392\">\ud83d\udcc5 <strong data-start=\"231\" data-end=\"244\">Mill\u00e9sime<\/strong> : 2022<br data-start=\"251\" data-end=\"254\" \/>\ud83d\udccd <strong data-start=\"257\" data-end=\"267\">R\u00e9gion<\/strong> : <strong data-start=\"270\" data-end=\"280\" data-is-only-node=\"\">Savoie<\/strong><br data-start=\"280\" data-end=\"283\" \/>\ud83c\udf47 <strong data-start=\"286\" data-end=\"296\">C\u00e9page<\/strong> : <strong data-start=\"299\" data-end=\"324\">Jacqu\u00e8re &amp; Chardonnay<\/strong><br data-start=\"324\" data-end=\"327\" \/>\ud83c\udf7e <strong data-start=\"330\" data-end=\"340\">Format<\/strong> : <strong data-start=\"343\" data-end=\"352\">75 cl<\/strong><br data-start=\"352\" data-end=\"355\" \/>% <strong data-start=\"357\" data-end=\"374\">Taux d\u2019alcool<\/strong> : <strong data-start=\"377\" data-end=\"390\">12 % vol.<\/strong><\/p>\n<p data-start=\"394\" data-end=\"579\">\ud83d\udc43 <strong data-start=\"397\" data-end=\"404\">Nez<\/strong> : Ar\u00f4mes de <strong data-start=\"417\" data-end=\"482\">fruits blancs m\u00fbrs, zestes d\u2019agrumes et min\u00e9ralit\u00e9 tranchante<\/strong>.<br data-start=\"483\" data-end=\"486\" \/>\ud83d\udc44 <strong data-start=\"489\" data-end=\"499\" data-is-only-node=\"\">Bouche<\/strong> : <strong data-start=\"502\" data-end=\"526\">Structur\u00e9e et saline<\/strong>, avec une belle tension et une finale persistante.<\/p>\n<p data-start=\"581\" data-end=\"677\" data-is-last-node=\"\" data-is-only-node=\"\">Un vin <strong data-start=\"588\" data-end=\"607\">brut et sinc\u00e8re<\/strong>, pour les amateurs de <strong data-start=\"630\" data-end=\"672\">blancs naturels profonds et dynamiques<\/strong>. \ud83c\udf77\u2728<\/p>\n<\/div>\n<\/div>\n<\/div>\n<\/div>\n","protected":false},"featured_media":624,"comment_status":"open","ping_status":"closed","template":"","meta":[],"product_brand":[],"product_cat":[26,268],"product_tag":[],"class_list":{"0":"post-271","1":"product","2":"type-product","3":"status-publish","4":"has-post-thumbnail","6":"product_cat-bouteilles-vins-blancs","7":"product_cat-vins-blancs-savoie","10":"first","11":"instock","12":"shipping-taxable","13":"purchasable","14":"product-type-simple"},"_links":{"self":[{"href":"https:\/\/lerousseaugrenoble.fr\/boutique\/wp-json\/wp\/v2\/product\/271","targetHints":{"allow":["GET"]}}],"collection":[{"href":"https:\/\/lerousseaugrenoble.fr\/boutique\/wp-json\/wp\/v2\/product"}],"about":[{"href":"https:\/\/lerousseaugrenoble.fr\/boutique\/wp-json\/wp\/v2\/types\/product"}],"replies":[{"embeddable":true,"href":"https:\/\/lerousseaugrenoble.fr\/boutique\/wp-json\/wp\/v2\/comments?post=271"}],"version-history":[{"count":1,"href":"https:\/\/lerousseaugrenoble.fr\/boutique\/wp-json\/wp\/v2\/product\/271\/revisions"}],"predecessor-version":[{"id":25285,"href":"https:\/\/lerousseaugrenoble.fr\/boutique\/wp-json\/wp\/v2\/product\/271\/revisions\/25285"}],"wp:featuredmedia":[{"embeddable":true,"href":"https:\/\/lerousseaugrenoble.fr\/boutique\/wp-json\/wp\/v2\/media\/624"}],"wp:attachment":[{"href":"https:\/\/lerousseaugrenoble.fr\/boutique\/wp-json\/wp\/v2\/media?parent=271"}],"wp:term":[{"taxonomy":"product_brand","embeddable":true,"href":"https:\/\/lerousseaugrenoble.fr\/boutique\/wp-json\/wp\/v2\/product_brand?post=271"},{"taxonomy":"product_cat","embeddable":true,"href":"https:\/\/lerousseaugrenoble.fr\/boutique\/wp-json\/wp\/v2\/product_cat?post=271"},{"taxonomy":"product_tag","embeddable":true,"href":"https:\/\/lerousseaugrenoble.fr\/boutique\/wp-json\/wp\/v2\/product_tag?post=271"}],"curies":[{"name":"wp","href":"https:\/\/api.w.org\/{rel}","templated":true}]}}