{"id":263,"date":"2025-02-25T12:32:45","date_gmt":"2025-02-25T11:32:45","guid":{"rendered":"https:\/\/lerousseaugrenoble.fr\/boutique\/?post_type=product&#038;p=263"},"modified":"2025-05-09T13:43:46","modified_gmt":"2025-05-09T11:43:46","slug":"pays-de-lherault-mas-jullien-2020","status":"publish","type":"product","link":"https:\/\/lerousseaugrenoble.fr\/boutique\/produit\/pays-de-lherault-mas-jullien-2020\/","title":{"rendered":"Pays de l\u2019Herault Mas Jullien 2020"},"content":{"rendered":"<div class=\"flex max-w-full flex-col flex-grow\">\n<div class=\"min-h-8 text-message relative flex w-full flex-col items-end gap-2 whitespace-normal break-words text-start [.text-message+&amp;]:mt-5\" dir=\"auto\" data-message-author-role=\"assistant\" data-message-id=\"24f1b473-af6d-4fa2-b0ac-42b5c3385a1d\" data-message-model-slug=\"gpt-4o\">\n<div class=\"flex w-full flex-col gap-1 empty:hidden first:pt-[3px]\">\n<div class=\"markdown prose w-full break-words dark:prose-invert dark\">\n<h3 data-start=\"0\" data-end=\"50\"><strong data-start=\"4\" data-end=\"48\">Pays de l\u2019H\u00e9rault 2020 \u2013 Mas Jullien \ud83c\udf47\u2728<\/strong><\/h3>\n<p data-start=\"52\" data-end=\"385\">R\u00e9f\u00e9rence embl\u00e9matique du <strong data-start=\"78\" data-end=\"91\">Languedoc<\/strong>, <strong data-start=\"93\" data-end=\"108\">Mas Jullien<\/strong> incarne l&#8217;excellence des vins du <strong data-start=\"142\" data-end=\"163\">Pays de l\u2019H\u00e9rault<\/strong>. <strong data-start=\"165\" data-end=\"184\">Olivier Jullien<\/strong>, vigneron visionnaire et artisan du renouveau languedocien, \u00e9labore des vins o\u00f9 l\u2019\u00e9quilibre entre <strong data-start=\"283\" data-end=\"318\">fra\u00eecheur, puissance et finesse<\/strong> est sublim\u00e9 par un travail m\u00e9ticuleux de la vigne et du terroir.<\/p>\n<p data-start=\"387\" data-end=\"585\">Ce <strong data-start=\"390\" data-end=\"408\">mill\u00e9sime 2020<\/strong>, marqu\u00e9 par une belle maturit\u00e9 et une vinification soign\u00e9e, d\u00e9voile toute la complexit\u00e9 des c\u00e9pages m\u00e9diterran\u00e9ens, offrant un vin structur\u00e9, profond et taill\u00e9 pour la garde.<\/p>\n<hr data-start=\"587\" data-end=\"592\" \/>\n<h3 data-start=\"594\" data-end=\"627\"><strong data-start=\"598\" data-end=\"625\">Caract\u00e9ristiques du Vin<\/strong><\/h3>\n<p data-start=\"629\" data-end=\"875\">\ud83d\udcc5 <strong data-start=\"632\" data-end=\"645\">Mill\u00e9sime<\/strong> : 2020, pr\u00e9cis et harmonieux.<br data-start=\"675\" data-end=\"678\" \/>\ud83d\udccd <strong data-start=\"681\" data-end=\"691\">R\u00e9gion<\/strong> : <strong data-start=\"694\" data-end=\"726\">Languedoc, Pays de l\u2019H\u00e9rault<\/strong>.<br data-start=\"727\" data-end=\"730\" \/>\ud83c\udf47 <strong data-start=\"733\" data-end=\"744\">C\u00e9pages<\/strong> : Assemblage m\u00e9diterran\u00e9en, alliant intensit\u00e9 et fra\u00eecheur.<br data-start=\"804\" data-end=\"807\" \/>\ud83c\udf7e <strong data-start=\"810\" data-end=\"820\">Format<\/strong> : <strong data-start=\"823\" data-end=\"832\">75 cl<\/strong>.<br data-start=\"833\" data-end=\"836\" \/>% <strong data-start=\"838\" data-end=\"855\">Taux d\u2019alcool<\/strong> : <strong data-start=\"858\" data-end=\"873\">14,5 % vol.<\/strong><\/p>\n<hr data-start=\"877\" data-end=\"882\" \/>\n<h3 data-start=\"884\" data-end=\"905\"><strong data-start=\"888\" data-end=\"903\">D\u00e9gustation<\/strong><\/h3>\n<p data-start=\"907\" data-end=\"1067\">\ud83d\udc43 <strong data-start=\"910\" data-end=\"917\">Nez<\/strong> : Expressif et complexe, avec des ar\u00f4mes de <strong data-start=\"962\" data-end=\"1064\">fruits noirs m\u00fbrs (m\u00fbre, cassis), \u00e9pices douces, garrigue, cuir et une touche min\u00e9rale distinctive<\/strong>.<\/p>\n<p data-start=\"1069\" data-end=\"1301\">\ud83d\udc44 <strong data-start=\"1072\" data-end=\"1082\">Bouche<\/strong> : <strong data-start=\"1085\" data-end=\"1103\">Ample et rac\u00e9e<\/strong>, d\u00e9voilant une belle structure tannique \u00e9quilibr\u00e9e par une acidit\u00e9 rafra\u00eechissante. La finale, <strong data-start=\"1199\" data-end=\"1224\">longue et persistante<\/strong>, r\u00e9v\u00e8le des notes \u00e9pic\u00e9es et une min\u00e9ralit\u00e9 subtile, signature du terroir.<\/p>\n<hr data-start=\"1303\" data-end=\"1308\" \/>\n<h3 data-start=\"1310\" data-end=\"1372\"><strong data-start=\"1314\" data-end=\"1370\">Un Grand Vin du Languedoc, Entre Terroir et \u00c9l\u00e9gance<\/strong><\/h3>\n<p data-start=\"1374\" data-end=\"1695\" data-is-last-node=\"\" data-is-only-node=\"\">Ce <strong data-start=\"1377\" data-end=\"1397\">Mas Jullien 2020<\/strong> est un mod\u00e8le de <strong data-start=\"1415\" data-end=\"1443\">profondeur et d\u2019harmonie<\/strong>, o\u00f9 chaque c\u00e9page s\u2019exprime avec \u00e9clat. <strong data-start=\"1484\" data-end=\"1507\">G\u00e9n\u00e9reux et raffin\u00e9<\/strong>, il se d\u00e9voilera magnifiquement apr\u00e8s quelques ann\u00e9es de garde. Une bouteille incontournable pour les amateurs de <strong data-start=\"1622\" data-end=\"1654\">grands rouges m\u00e9diterran\u00e9ens<\/strong>, alliant <strong data-start=\"1664\" data-end=\"1690\">caract\u00e8re et pr\u00e9cision<\/strong>. \ud83c\udf77\u2728<\/p>\n<\/div>\n<\/div>\n<\/div>\n<\/div>\n","protected":false},"excerpt":{"rendered":"<h3 data-start=\"0\" data-end=\"50\"><strong data-start=\"4\" data-end=\"48\">Pays de l\u2019H\u00e9rault 2020 \u2013 Mas Jullien \ud83c\udf47\u2728<\/strong><\/h3>\n<p data-start=\"52\" data-end=\"296\">R\u00e9f\u00e9rence incontournable du <strong data-start=\"80\" data-end=\"93\">Languedoc<\/strong>, ce <strong data-start=\"98\" data-end=\"118\">Mas Jullien 2020<\/strong> exprime avec justesse la richesse et l\u2019\u00e9quilibre du terroir h\u00e9raultais. <strong data-start=\"191\" data-end=\"210\">Olivier Jullien<\/strong> \u00e9labore un vin d\u2019une <strong data-start=\"232\" data-end=\"250\">grande finesse<\/strong>, m\u00ealant puissance, fra\u00eecheur et profondeur.<\/p>\n<p data-start=\"298\" data-end=\"509\">\ud83d\udcc5 <strong data-start=\"301\" data-end=\"314\">Mill\u00e9sime<\/strong> : 2020, pr\u00e9cis et \u00e9l\u00e9gant.<br data-start=\"341\" data-end=\"344\" \/>\ud83d\udccd <strong data-start=\"347\" data-end=\"357\">R\u00e9gion<\/strong> : <strong data-start=\"360\" data-end=\"392\" data-is-only-node=\"\">Languedoc, Pays de l\u2019H\u00e9rault<\/strong>.<br data-start=\"393\" data-end=\"396\" \/>\ud83c\udf47 <strong data-start=\"399\" data-end=\"410\">C\u00e9pages<\/strong> : Assemblage m\u00e9diterran\u00e9en.<br data-start=\"438\" data-end=\"441\" \/>\ud83c\udf7e <strong data-start=\"444\" data-end=\"454\">Format<\/strong> : <strong data-start=\"457\" data-end=\"466\">75 cl<\/strong>.<br data-start=\"467\" data-end=\"470\" \/>% <strong data-start=\"472\" data-end=\"489\">Taux d\u2019alcool<\/strong> : <strong data-start=\"492\" data-end=\"507\">14,5 % vol.<\/strong><\/p>\n<p data-start=\"511\" data-end=\"681\">\ud83d\udc43 <strong data-start=\"514\" data-end=\"521\">Nez<\/strong> : Ar\u00f4mes de <strong data-start=\"534\" data-end=\"587\">fruits noirs, \u00e9pices, garrigue et touche min\u00e9rale<\/strong>.<br data-start=\"588\" data-end=\"591\" \/>\ud83d\udc44 <strong data-start=\"594\" data-end=\"604\" data-is-only-node=\"\">Bouche<\/strong> : <strong data-start=\"607\" data-end=\"627\">Ample et fra\u00eeche<\/strong>, aux tanins soyeux et \u00e0 la finale longue et \u00e9pic\u00e9e.<\/p>\n<p data-start=\"683\" data-end=\"749\" data-is-last-node=\"\" data-is-only-node=\"\">Un <strong data-start=\"686\" data-end=\"712\">grand vin du Languedoc<\/strong>, pr\u00e9cis et taill\u00e9 pour la garde. \ud83c\udf77\u2728<\/p>\n","protected":false},"featured_media":429,"comment_status":"open","ping_status":"closed","template":"","meta":[],"product_brand":[],"product_cat":[159,160,26,277],"product_tag":[],"class_list":{"0":"post-263","1":"product","2":"type-product","3":"status-publish","4":"has-post-thumbnail","6":"product_cat-languedoc","7":"product_cat-vignerons-mas-julien","8":"product_cat-bouteilles-vins-blancs","9":"product_cat-vins-blancs-languedoc","12":"first","13":"instock","14":"sold-individually","15":"shipping-taxable","16":"purchasable","17":"product-type-simple"},"_links":{"self":[{"href":"https:\/\/lerousseaugrenoble.fr\/boutique\/wp-json\/wp\/v2\/product\/263","targetHints":{"allow":["GET"]}}],"collection":[{"href":"https:\/\/lerousseaugrenoble.fr\/boutique\/wp-json\/wp\/v2\/product"}],"about":[{"href":"https:\/\/lerousseaugrenoble.fr\/boutique\/wp-json\/wp\/v2\/types\/product"}],"replies":[{"embeddable":true,"href":"https:\/\/lerousseaugrenoble.fr\/boutique\/wp-json\/wp\/v2\/comments?post=263"}],"version-history":[{"count":2,"href":"https:\/\/lerousseaugrenoble.fr\/boutique\/wp-json\/wp\/v2\/product\/263\/revisions"}],"predecessor-version":[{"id":25291,"href":"https:\/\/lerousseaugrenoble.fr\/boutique\/wp-json\/wp\/v2\/product\/263\/revisions\/25291"}],"wp:featuredmedia":[{"embeddable":true,"href":"https:\/\/lerousseaugrenoble.fr\/boutique\/wp-json\/wp\/v2\/media\/429"}],"wp:attachment":[{"href":"https:\/\/lerousseaugrenoble.fr\/boutique\/wp-json\/wp\/v2\/media?parent=263"}],"wp:term":[{"taxonomy":"product_brand","embeddable":true,"href":"https:\/\/lerousseaugrenoble.fr\/boutique\/wp-json\/wp\/v2\/product_brand?post=263"},{"taxonomy":"product_cat","embeddable":true,"href":"https:\/\/lerousseaugrenoble.fr\/boutique\/wp-json\/wp\/v2\/product_cat?post=263"},{"taxonomy":"product_tag","embeddable":true,"href":"https:\/\/lerousseaugrenoble.fr\/boutique\/wp-json\/wp\/v2\/product_tag?post=263"}],"curies":[{"name":"wp","href":"https:\/\/api.w.org\/{rel}","templated":true}]}}