{"id":232,"date":"2025-02-24T13:26:30","date_gmt":"2025-02-24T12:26:30","guid":{"rendered":"https:\/\/lerousseaugrenoble.fr\/boutique\/?post_type=product&#038;p=232"},"modified":"2025-05-09T13:56:45","modified_gmt":"2025-05-09T11:56:45","slug":"savennieres-fremine-thibaud-boudignon-2020","status":"publish","type":"product","link":"https:\/\/lerousseaugrenoble.fr\/boutique\/produit\/savennieres-fremine-thibaud-boudignon-2020\/","title":{"rendered":"Savenni\u00e8res Fremine Thibaud Boudignon 2020"},"content":{"rendered":"<div class=\"flex max-w-full flex-col flex-grow\">\n<div class=\"min-h-8 text-message flex w-full flex-col items-end gap-2 whitespace-normal break-words text-start [.text-message+&amp;]:mt-5\" dir=\"auto\" data-message-author-role=\"assistant\" data-message-id=\"4675b73e-18a9-4647-be85-806724240c76\" data-message-model-slug=\"gpt-4o\">\n<div class=\"flex w-full flex-col gap-1 empty:hidden first:pt-[3px]\">\n<div class=\"markdown prose w-full break-words dark:prose-invert dark\">\n<h3 data-start=\"0\" data-end=\"60\"><strong data-start=\"4\" data-end=\"58\">Savenni\u00e8res &#8220;Fr\u00e9mine&#8221; 2020 \u2013 Thibaud Boudignon \ud83c\udf47\u2728<\/strong><\/h3>\n<p data-start=\"62\" data-end=\"536\">Le <strong data-start=\"65\" data-end=\"95\">Savenni\u00e8res &#8220;Fr\u00e9mine&#8221; 2020<\/strong> du <strong data-start=\"99\" data-end=\"128\">Domaine Thibaud Boudignon<\/strong> est une v\u00e9ritable <strong data-start=\"147\" data-end=\"169\">p\u00e9pite de la Loire<\/strong>, mettant en lumi\u00e8re la puissance et la pr\u00e9cision du <strong data-start=\"222\" data-end=\"238\">Chenin Blanc<\/strong>. Ce vin est issu de vignes cultiv\u00e9es sur un terroir exceptionnel de <strong data-start=\"307\" data-end=\"340\">schistes et de sables \u00e9oliens<\/strong>, apportant une <strong data-start=\"356\" data-end=\"404\">min\u00e9ralit\u00e9 \u00e9clatante et une tension vibrante<\/strong>. Vinifi\u00e9 avec un savoir-faire m\u00e9ticuleux, ce mill\u00e9sime 2020 affiche un <strong data-start=\"476\" data-end=\"533\">\u00e9quilibre parfait entre richesse, puret\u00e9 et fra\u00eecheur<\/strong>.<\/p>\n<hr data-start=\"538\" data-end=\"543\" \/>\n<h3 data-start=\"545\" data-end=\"608\"><strong data-start=\"549\" data-end=\"606\">Le Domaine Thibaud Boudignon : Une R\u00e9f\u00e9rence en Loire<\/strong><\/h3>\n<p data-start=\"610\" data-end=\"1017\">Thibaud Boudignon s\u2019impose aujourd\u2019hui comme l\u2019un des vignerons les plus talentueux de la Loire. Install\u00e9 \u00e0 <strong data-start=\"718\" data-end=\"733\">Savenni\u00e8res<\/strong>, il travaille avec une exigence extr\u00eame pour produire des vins pr\u00e9cis et d\u2019une <strong data-start=\"813\" data-end=\"841\">grande puret\u00e9 aromatique<\/strong>. Ses vins, vinifi\u00e9s avec des levures indig\u00e8nes et \u00e9lev\u00e9s en <strong data-start=\"902\" data-end=\"937\">f\u00fbts de ch\u00eane de grande qualit\u00e9<\/strong>, se distinguent par leur <strong data-start=\"963\" data-end=\"1014\">droiture et leur potentiel de garde remarquable<\/strong>.<\/p>\n<hr data-start=\"1019\" data-end=\"1024\" \/>\n<h3 data-start=\"1026\" data-end=\"1059\"><strong data-start=\"1030\" data-end=\"1057\">Caract\u00e9ristiques du Vin<\/strong><\/h3>\n<p data-start=\"1061\" data-end=\"1286\">\ud83d\udcc5 <strong data-start=\"1064\" data-end=\"1077\">Mill\u00e9sime<\/strong> : 2020, pr\u00e9cis et cisel\u00e9.<br data-start=\"1103\" data-end=\"1106\" \/>\ud83d\udccd <strong data-start=\"1109\" data-end=\"1119\">R\u00e9gion<\/strong> : <strong data-start=\"1122\" data-end=\"1131\">Loire<\/strong>, appellation <strong data-start=\"1145\" data-end=\"1160\">Savenni\u00e8res<\/strong>.<br data-start=\"1161\" data-end=\"1164\" \/>\ud83c\udf47 <strong data-start=\"1167\" data-end=\"1177\">C\u00e9page<\/strong> : <strong data-start=\"1180\" data-end=\"1196\">Chenin Blanc<\/strong>, intense et min\u00e9ral.<br data-start=\"1217\" data-end=\"1220\" \/>\ud83c\udf7e <strong data-start=\"1223\" data-end=\"1233\">Format<\/strong> : <strong data-start=\"1236\" data-end=\"1245\">75 cl<\/strong>.<br data-start=\"1246\" data-end=\"1249\" \/>% <strong data-start=\"1251\" data-end=\"1268\">Taux d\u2019alcool<\/strong> : <strong data-start=\"1271\" data-end=\"1284\">13 % vol.<\/strong><\/p>\n<hr data-start=\"1288\" data-end=\"1293\" \/>\n<h3 data-start=\"1295\" data-end=\"1316\"><strong data-start=\"1299\" data-end=\"1314\">D\u00e9gustation<\/strong><\/h3>\n<p data-start=\"1318\" data-end=\"1661\">\ud83d\udc43 <strong data-start=\"1321\" data-end=\"1328\">Nez<\/strong> : Fin et complexe, d\u00e9voilant des ar\u00f4mes de <strong data-start=\"1372\" data-end=\"1481\">pomme verte croquante, agrumes zest\u00e9s, fleurs blanches, miel l\u00e9ger et subtiles notes fum\u00e9es et pierreuses<\/strong>.<br data-start=\"1482\" data-end=\"1485\" \/>\ud83d\udc44 <strong data-start=\"1488\" data-end=\"1498\">Bouche<\/strong> : Attaque droite et vive, texture soyeuse et saline, <strong data-start=\"1552\" data-end=\"1598\">min\u00e9ralit\u00e9 tranchante et grande profondeur<\/strong>. La finale est <strong data-start=\"1614\" data-end=\"1658\">longue, cristalline et \u00e9l\u00e9gamment tendue<\/strong>.<\/p>\n<hr data-start=\"1663\" data-end=\"1668\" \/>\n<h3 data-start=\"1670\" data-end=\"1719\"><strong data-start=\"1674\" data-end=\"1717\">Un Grand Blanc de Loire, Pur et \u00c9l\u00e9gant<\/strong><\/h3>\n<p data-start=\"1721\" data-end=\"2044\">Le <strong data-start=\"1724\" data-end=\"1754\">Savenni\u00e8res &#8220;Fr\u00e9mine&#8221; 2020<\/strong> de <strong data-start=\"1758\" data-end=\"1779\">Thibaud Boudignon<\/strong> est un <strong data-start=\"1787\" data-end=\"1811\">vin de grande classe<\/strong>, pr\u00e9cis et lumineux, qui exprime avec \u00e9clat tout le potentiel du <strong data-start=\"1877\" data-end=\"1930\">Chenin Blanc sur un terroir schisteux d\u2019exception<\/strong>. Il <strong data-start=\"1935\" data-end=\"1990\">gagnera en complexit\u00e9 avec quelques ann\u00e9es de garde<\/strong>, tout en \u00e9tant d\u00e9j\u00e0 superbe \u00e0 d\u00e9guster aujourd\u2019hui.<\/p>\n<p data-start=\"2046\" data-end=\"2216\" data-is-last-node=\"\" data-is-only-node=\"\">Un incontournable pour les amateurs de grands blancs de Loire, alliant <strong data-start=\"2117\" data-end=\"2165\">min\u00e9ralit\u00e9, tension et profondeur aromatique<\/strong>. <strong data-start=\"2167\" data-end=\"2212\">Un chef-d&#8217;\u0153uvre sign\u00e9 Thibaud Boudignon !<\/strong> \ud83c\udf77\u2728<\/p>\n<\/div>\n<\/div>\n<\/div>\n<\/div>\n","protected":false},"excerpt":{"rendered":"<h3 data-start=\"0\" data-end=\"60\"><strong data-start=\"4\" data-end=\"58\">Savenni\u00e8res &#8220;Fr\u00e9mine&#8221; 2020 \u2013 Thibaud Boudignon \ud83c\udf47\u2728<\/strong><\/h3>\n<p data-start=\"62\" data-end=\"397\">Le <strong data-start=\"65\" data-end=\"95\">Savenni\u00e8res &#8220;Fr\u00e9mine&#8221; 2020<\/strong> du <strong data-start=\"99\" data-end=\"128\">Domaine Thibaud Boudignon<\/strong> est une expression pure et vibrante du <strong data-start=\"168\" data-end=\"184\">Chenin Blanc<\/strong> sur les terroirs schisteux de <strong data-start=\"215\" data-end=\"230\">Savenni\u00e8res<\/strong>, en <strong data-start=\"235\" data-end=\"244\">Loire<\/strong>. Vinifi\u00e9 avec une pr\u00e9cision d\u2019orf\u00e8vre, ce mill\u00e9sime 2020 se distingue par sa <strong data-start=\"322\" data-end=\"394\">tension min\u00e9rale, sa fra\u00eecheur \u00e9clatante et sa profondeur aromatique<\/strong>.<\/p>\n<p data-start=\"399\" data-end=\"620\">\ud83d\udcc5 <strong data-start=\"402\" data-end=\"415\">Mill\u00e9sime<\/strong> : 2020, pr\u00e9cis et cisel\u00e9.<br data-start=\"441\" data-end=\"444\" \/>\ud83d\udccd <strong data-start=\"447\" data-end=\"457\">R\u00e9gion<\/strong> : <strong data-start=\"460\" data-end=\"469\" data-is-only-node=\"\">Loire<\/strong>, appellation <strong data-start=\"483\" data-end=\"498\">Savenni\u00e8res<\/strong>.<br data-start=\"499\" data-end=\"502\" \/>\ud83c\udf47 <strong data-start=\"505\" data-end=\"515\">C\u00e9page<\/strong> : <strong data-start=\"518\" data-end=\"534\">Chenin Blanc<\/strong>, pur et \u00e9l\u00e9gant.<br data-start=\"551\" data-end=\"554\" \/>\ud83c\udf7e <strong data-start=\"557\" data-end=\"567\">Format<\/strong> : <strong data-start=\"570\" data-end=\"579\">75 cl<\/strong>.<br data-start=\"580\" data-end=\"583\" \/>% <strong data-start=\"585\" data-end=\"602\">Taux d\u2019alcool<\/strong> : <strong data-start=\"605\" data-end=\"618\">13 % vol.<\/strong><\/p>\n<p data-start=\"622\" data-end=\"894\">\ud83d\udc43 <strong data-start=\"625\" data-end=\"632\">Nez<\/strong> : Expressif et raffin\u00e9, m\u00ealant des ar\u00f4mes de <strong data-start=\"678\" data-end=\"742\">pomme verte, agrumes zest\u00e9s, fleurs blanches et notes fum\u00e9es<\/strong>.<br data-start=\"743\" data-end=\"746\" \/>\ud83d\udc44 <strong data-start=\"749\" data-end=\"759\" data-is-only-node=\"\">Bouche<\/strong> : Attaque vive et tendue, belle mati\u00e8re avec une <strong data-start=\"809\" data-end=\"834\">min\u00e9ralit\u00e9 tranchante<\/strong>, des nuances salines et une finale longue et cristalline.<\/p>\n<p data-start=\"896\" data-end=\"1063\" data-is-last-node=\"\" data-is-only-node=\"\">Un <strong data-start=\"899\" data-end=\"926\">Savenni\u00e8res d\u2019exception<\/strong>, \u00e0 la fois pr\u00e9cis et \u00e9nergique, r\u00e9v\u00e9lant tout le savoir-faire de <strong data-start=\"992\" data-end=\"1013\">Thibaud Boudignon<\/strong>. <strong data-start=\"1015\" data-end=\"1059\">Une p\u00e9pite lig\u00e9rienne \u00e0 ne pas manquer !<\/strong> \ud83c\udf77\u2728<\/p>\n","protected":false},"featured_media":242,"comment_status":"open","ping_status":"closed","template":"","meta":[],"product_brand":[],"product_cat":[174,175,26,275],"product_tag":[],"class_list":{"0":"post-232","1":"product","2":"type-product","3":"status-publish","4":"has-post-thumbnail","6":"product_cat-loire","7":"product_cat-vignerons-thibaud-boudignon","8":"product_cat-bouteilles-vins-blancs","9":"product_cat-vins-blancs-loire","12":"first","13":"instock","14":"sold-individually","15":"shipping-taxable","16":"purchasable","17":"product-type-simple"},"_links":{"self":[{"href":"https:\/\/lerousseaugrenoble.fr\/boutique\/wp-json\/wp\/v2\/product\/232","targetHints":{"allow":["GET"]}}],"collection":[{"href":"https:\/\/lerousseaugrenoble.fr\/boutique\/wp-json\/wp\/v2\/product"}],"about":[{"href":"https:\/\/lerousseaugrenoble.fr\/boutique\/wp-json\/wp\/v2\/types\/product"}],"replies":[{"embeddable":true,"href":"https:\/\/lerousseaugrenoble.fr\/boutique\/wp-json\/wp\/v2\/comments?post=232"}],"version-history":[{"count":2,"href":"https:\/\/lerousseaugrenoble.fr\/boutique\/wp-json\/wp\/v2\/product\/232\/revisions"}],"predecessor-version":[{"id":25300,"href":"https:\/\/lerousseaugrenoble.fr\/boutique\/wp-json\/wp\/v2\/product\/232\/revisions\/25300"}],"wp:featuredmedia":[{"embeddable":true,"href":"https:\/\/lerousseaugrenoble.fr\/boutique\/wp-json\/wp\/v2\/media\/242"}],"wp:attachment":[{"href":"https:\/\/lerousseaugrenoble.fr\/boutique\/wp-json\/wp\/v2\/media?parent=232"}],"wp:term":[{"taxonomy":"product_brand","embeddable":true,"href":"https:\/\/lerousseaugrenoble.fr\/boutique\/wp-json\/wp\/v2\/product_brand?post=232"},{"taxonomy":"product_cat","embeddable":true,"href":"https:\/\/lerousseaugrenoble.fr\/boutique\/wp-json\/wp\/v2\/product_cat?post=232"},{"taxonomy":"product_tag","embeddable":true,"href":"https:\/\/lerousseaugrenoble.fr\/boutique\/wp-json\/wp\/v2\/product_tag?post=232"}],"curies":[{"name":"wp","href":"https:\/\/api.w.org\/{rel}","templated":true}]}}