{"id":216,"date":"2025-02-24T12:39:28","date_gmt":"2025-02-24T11:39:28","guid":{"rendered":"https:\/\/lerousseaugrenoble.fr\/boutique\/?post_type=product&#038;p=216"},"modified":"2025-03-12T14:13:23","modified_gmt":"2025-03-12T13:13:23","slug":"gewurstraminer-altenbourg-weinbach-2021","status":"publish","type":"product","link":"https:\/\/lerousseaugrenoble.fr\/boutique\/produit\/gewurstraminer-altenbourg-weinbach-2021\/","title":{"rendered":"Gewurstraminer Altenbourg Weinbach 2021"},"content":{"rendered":"<div class=\"flex max-w-full flex-col flex-grow\">\n<div class=\"min-h-8 text-message flex w-full flex-col items-end gap-2 whitespace-normal break-words text-start [.text-message+&amp;]:mt-5\" dir=\"auto\" data-message-author-role=\"assistant\" data-message-id=\"63df169c-29f3-4915-bfe8-eb670705fd34\" data-message-model-slug=\"gpt-4o\">\n<div class=\"flex w-full flex-col gap-1 empty:hidden first:pt-[3px]\">\n<div class=\"markdown prose w-full break-words dark:prose-invert dark\">\n<h3 data-start=\"0\" data-end=\"61\">Gewurztraminer Altenbourg 2021 \u2013 Domaine Weinbach \ud83c\udf3f\ud83c\udf47\u2728<\/h3>\n<p data-start=\"63\" data-end=\"357\">Le <strong data-start=\"66\" data-end=\"100\">Gewurztraminer Altenbourg 2021<\/strong> du <strong data-start=\"104\" data-end=\"124\">Domaine Weinbach<\/strong> est un vin d\u2019<strong data-start=\"138\" data-end=\"148\">Alsace<\/strong> raffin\u00e9 et puissant, issu du terroir prestigieux de <strong data-start=\"201\" data-end=\"217\">l\u2019Altenbourg<\/strong>. Ce grand vin exprime \u00e0 merveille l\u2019intensit\u00e9 aromatique du <strong data-start=\"278\" data-end=\"296\">Gewurztraminer<\/strong>, sublim\u00e9e par la finesse et l\u2019\u00e9l\u00e9gance propres au domaine.<\/p>\n<hr data-start=\"359\" data-end=\"364\" \/>\n<h3 data-start=\"366\" data-end=\"426\"><strong data-start=\"370\" data-end=\"424\">Le Domaine Weinbach : Un Savoir-Faire d\u2019Excellence<\/strong><\/h3>\n<p data-start=\"428\" data-end=\"805\">Depuis <strong data-start=\"435\" data-end=\"443\">1612<\/strong>, le <strong data-start=\"448\" data-end=\"468\">Domaine Weinbach<\/strong> est une r\u00e9f\u00e9rence incontournable des grands vins d\u2019Alsace. Nich\u00e9 au pied du <strong data-start=\"545\" data-end=\"560\">Schlossberg<\/strong>, il est cultiv\u00e9 en <strong data-start=\"580\" data-end=\"594\">biodynamie<\/strong> pour pr\u00e9server l\u2019authenticit\u00e9 du terroir et r\u00e9v\u00e9ler des vins d\u2019une grande puret\u00e9. <strong data-start=\"677\" data-end=\"693\">L\u2019Altenbourg<\/strong>, terroir aux sols marno-calcaires, apporte au <strong data-start=\"740\" data-end=\"758\">Gewurztraminer<\/strong> une complexit\u00e9 et un \u00e9quilibre remarquables.<\/p>\n<hr data-start=\"807\" data-end=\"812\" \/>\n<h3 data-start=\"814\" data-end=\"847\"><strong data-start=\"818\" data-end=\"845\">Caract\u00e9ristiques du Vin<\/strong><\/h3>\n<p data-start=\"849\" data-end=\"1160\">\ud83d\udcc5 <strong data-start=\"852\" data-end=\"865\">Mill\u00e9sime<\/strong> : 2021, marqu\u00e9 par une belle fra\u00eecheur et une grande expression aromatique.<br data-start=\"941\" data-end=\"944\" \/>\ud83d\udccd <strong data-start=\"947\" data-end=\"957\">R\u00e9gion<\/strong> : <strong data-start=\"960\" data-end=\"970\">Alsace<\/strong>, terroir marno-calcaire de <strong data-start=\"998\" data-end=\"1014\">l\u2019Altenbourg<\/strong>.<br data-start=\"1015\" data-end=\"1018\" \/>\ud83c\udf47 <strong data-start=\"1021\" data-end=\"1031\">C\u00e9page<\/strong> : <strong data-start=\"1034\" data-end=\"1052\">Gewurztraminer<\/strong>, intense et aromatique.<br data-start=\"1076\" data-end=\"1079\" \/>\ud83c\udf7e <strong data-start=\"1082\" data-end=\"1092\">Format<\/strong> : Bouteille de <strong data-start=\"1108\" data-end=\"1117\">75 cl<\/strong>.<br data-start=\"1118\" data-end=\"1121\" \/>% <strong data-start=\"1123\" data-end=\"1140\">Taux d\u2019alcool<\/strong> : <strong data-start=\"1143\" data-end=\"1158\">13,5 % vol.<\/strong><\/p>\n<hr data-start=\"1162\" data-end=\"1167\" \/>\n<h3 data-start=\"1169\" data-end=\"1190\"><strong data-start=\"1173\" data-end=\"1188\">D\u00e9gustation<\/strong><\/h3>\n<p data-start=\"1192\" data-end=\"1476\">\ud83d\udc43 <strong data-start=\"1195\" data-end=\"1202\">Nez<\/strong> : Exub\u00e9rant et complexe, aux notes de <strong data-start=\"1241\" data-end=\"1292\">rose, litchi, fruits exotiques et \u00e9pices douces<\/strong>, avec une subtile touche miell\u00e9e.<br data-start=\"1326\" data-end=\"1329\" \/>\ud83d\udc44 <strong data-start=\"1332\" data-end=\"1342\">Bouche<\/strong> : Ample et g\u00e9n\u00e9reuse, superbe \u00e9quilibre entre richesse et fra\u00eecheur, finale longue et \u00e9pic\u00e9e avec une belle persistance aromatique.<\/p>\n<hr data-start=\"1478\" data-end=\"1483\" \/>\n<h3 data-start=\"1485\" data-end=\"1533\"><strong data-start=\"1489\" data-end=\"1531\">Un Gewurztraminer \u00c9l\u00e9gant et Expressif<\/strong><\/h3>\n<p data-start=\"1535\" data-end=\"1813\">Le <strong data-start=\"1538\" data-end=\"1572\">Gewurztraminer Altenbourg 2021<\/strong> est une cuv\u00e9e intense et raffin\u00e9e, parfaite pour les amateurs de <strong data-start=\"1638\" data-end=\"1673\">blancs aromatiques et complexes<\/strong>. Sa <strong data-start=\"1678\" data-end=\"1722\">puissance ma\u00eetris\u00e9e et sa grande finesse<\/strong> en font un vin exceptionnel \u00e0 d\u00e9guster d\u00e8s maintenant ou apr\u00e8s quelques ann\u00e9es de garde.<\/p>\n<p data-start=\"1815\" data-end=\"1879\" data-is-last-node=\"\" data-is-only-node=\"\">\u2728 <strong data-start=\"1817\" data-end=\"1876\">Disponible d\u00e8s maintenant sur notre boutique en ligne !<\/strong> \ud83c\udf77<\/p>\n<\/div>\n<\/div>\n<\/div>\n<\/div>\n","protected":false},"excerpt":{"rendered":"<h3 data-start=\"0\" data-end=\"61\">Gewurztraminer Altenbourg 2021 \u2013 Domaine Weinbach \ud83c\udf3f\ud83c\udf47\u2728<\/h3>\n<p data-start=\"63\" data-end=\"326\">Le <strong data-start=\"66\" data-end=\"100\">Gewurztraminer Altenbourg 2021<\/strong> du <strong data-start=\"104\" data-end=\"124\">Domaine Weinbach<\/strong> est un grand blanc d\u2019<strong data-start=\"146\" data-end=\"156\">Alsace<\/strong>, issu d\u2019un terroir marno-calcaire d\u2019exception. Ce mill\u00e9sime r\u00e9v\u00e8le toute l\u2019intensit\u00e9 et l\u2019\u00e9l\u00e9gance du <strong data-start=\"259\" data-end=\"277\">Gewurztraminer<\/strong>, entre richesse aromatique et belle fra\u00eecheur.<\/p>\n<p data-start=\"328\" data-end=\"555\">\ud83d\udcc5 <strong data-start=\"331\" data-end=\"344\">Mill\u00e9sime<\/strong> : 2021, expressif et \u00e9quilibr\u00e9.<br data-start=\"376\" data-end=\"379\" \/>\ud83d\udccd <strong data-start=\"382\" data-end=\"392\">R\u00e9gion<\/strong> : <strong data-start=\"395\" data-end=\"405\" data-is-only-node=\"\">Alsace<\/strong>, terroir de l\u2019Altenbourg.<br data-start=\"431\" data-end=\"434\" \/>\ud83c\udf47 <strong data-start=\"437\" data-end=\"447\">C\u00e9page<\/strong> : <strong data-start=\"450\" data-end=\"468\">Gewurztraminer<\/strong>, intense et aromatique.<br data-start=\"492\" data-end=\"495\" \/>\ud83c\udf7e <strong data-start=\"498\" data-end=\"508\">Format<\/strong> : 75 cl.<br data-start=\"517\" data-end=\"520\" \/>% <strong data-start=\"522\" data-end=\"539\">Taux d\u2019alcool<\/strong> : 13,5 % vol.<\/p>\n<p data-start=\"557\" data-end=\"701\">\ud83d\udc43 <strong data-start=\"560\" data-end=\"567\">Nez<\/strong> : Notes de <strong data-start=\"579\" data-end=\"630\">rose, litchi, fruits exotiques et \u00e9pices douces<\/strong>.<br data-start=\"631\" data-end=\"634\" \/>\ud83d\udc44 <strong data-start=\"637\" data-end=\"647\" data-is-only-node=\"\">Bouche<\/strong> : Ample, g\u00e9n\u00e9reuse, avec une belle longueur \u00e9pic\u00e9e.<\/p>\n<p data-start=\"703\" data-end=\"833\" data-is-last-node=\"\" data-is-only-node=\"\">Un <strong data-start=\"706\" data-end=\"744\">Gewurztraminer \u00e9l\u00e9gant et puissant<\/strong>, id\u00e9al pour les amateurs de grands blancs alsaciens. <strong data-start=\"798\" data-end=\"829\">\u00c0 d\u00e9couvrir sans attendre !<\/strong> \u2728\ud83c\udf77<\/p>\n","protected":false},"featured_media":0,"comment_status":"open","ping_status":"closed","template":"","meta":[],"product_brand":[],"product_cat":[109,26,271,112],"product_tag":[],"class_list":{"0":"post-216","1":"product","2":"type-product","3":"status-publish","5":"product_cat-alsace","6":"product_cat-bouteilles-vins-blancs","7":"product_cat-vins-blancs-alsace","8":"product_cat-vignerons-weinbach","10":"first","11":"instock","12":"shipping-taxable","13":"purchasable","14":"product-type-simple"},"_links":{"self":[{"href":"https:\/\/lerousseaugrenoble.fr\/boutique\/wp-json\/wp\/v2\/product\/216","targetHints":{"allow":["GET"]}}],"collection":[{"href":"https:\/\/lerousseaugrenoble.fr\/boutique\/wp-json\/wp\/v2\/product"}],"about":[{"href":"https:\/\/lerousseaugrenoble.fr\/boutique\/wp-json\/wp\/v2\/types\/product"}],"replies":[{"embeddable":true,"href":"https:\/\/lerousseaugrenoble.fr\/boutique\/wp-json\/wp\/v2\/comments?post=216"}],"version-history":[{"count":0,"href":"https:\/\/lerousseaugrenoble.fr\/boutique\/wp-json\/wp\/v2\/product\/216\/revisions"}],"wp:attachment":[{"href":"https:\/\/lerousseaugrenoble.fr\/boutique\/wp-json\/wp\/v2\/media?parent=216"}],"wp:term":[{"taxonomy":"product_brand","embeddable":true,"href":"https:\/\/lerousseaugrenoble.fr\/boutique\/wp-json\/wp\/v2\/product_brand?post=216"},{"taxonomy":"product_cat","embeddable":true,"href":"https:\/\/lerousseaugrenoble.fr\/boutique\/wp-json\/wp\/v2\/product_cat?post=216"},{"taxonomy":"product_tag","embeddable":true,"href":"https:\/\/lerousseaugrenoble.fr\/boutique\/wp-json\/wp\/v2\/product_tag?post=216"}],"curies":[{"name":"wp","href":"https:\/\/api.w.org\/{rel}","templated":true}]}}