{"id":212,"date":"2025-02-24T12:29:04","date_gmt":"2025-02-24T11:29:04","guid":{"rendered":"https:\/\/lerousseaugrenoble.fr\/boutique\/?post_type=product&#038;p=212"},"modified":"2025-05-09T14:09:01","modified_gmt":"2025-05-09T12:09:01","slug":"schiste-ri-soil-therapy-2020","status":"publish","type":"product","link":"https:\/\/lerousseaugrenoble.fr\/boutique\/produit\/schiste-ri-soil-therapy-2020\/","title":{"rendered":"Schiste RI Soil th\u00e9rapy 2020"},"content":{"rendered":"<div class=\"flex max-w-full flex-col flex-grow\">\n<div class=\"min-h-8 text-message flex w-full flex-col items-end gap-2 whitespace-normal break-words text-start [.text-message+&amp;]:mt-5\" dir=\"auto\" data-message-author-role=\"assistant\" data-message-id=\"d19da15f-2bee-454c-bf13-472c982ffb2e\" data-message-model-slug=\"gpt-4o\">\n<div class=\"flex w-full flex-col gap-1 empty:hidden first:pt-[3px]\">\n<div class=\"markdown prose w-full break-words dark:prose-invert dark\">\n<h3 data-start=\"0\" data-end=\"41\">Schiste RI 2020 \u2013 Soil Therapy \ud83c\udf3f\ud83c\udf77<\/h3>\n<p data-start=\"43\" data-end=\"408\">Le <strong data-start=\"46\" data-end=\"65\">Schiste RI 2020<\/strong> de <strong data-start=\"69\" data-end=\"85\">Soil Therapy<\/strong> est une cuv\u00e9e d\u2019exception qui exprime toute la richesse des terroirs de <strong data-start=\"158\" data-end=\"170\">schistes<\/strong> en <strong data-start=\"174\" data-end=\"184\">Alsace<\/strong>. Vin naturel d\u2019une grande pr\u00e9cision, il refl\u00e8te parfaitement l\u2019identit\u00e9 min\u00e9rale et la tension caract\u00e9ristiques de son sol d\u2019origine. Ce mill\u00e9sime offre une bouche vibrante, une belle profondeur et une finale persistante.<\/p>\n<hr data-start=\"410\" data-end=\"415\" \/>\n<h3 data-start=\"417\" data-end=\"468\"><strong data-start=\"421\" data-end=\"466\">Soil Therapy : Une Philosophie du Terroir<\/strong><\/h3>\n<p data-start=\"470\" data-end=\"854\">Avec <strong data-start=\"475\" data-end=\"491\">Soil Therapy<\/strong>, chaque cuv\u00e9e est une v\u00e9ritable immersion dans l\u2019\u00e2me du vignoble. Le travail du sol, la vinification sans intrants et l\u2019\u00e9levage pr\u00e9cis permettent d\u2019exprimer l\u2019authenticit\u00e9 du terroir et du mill\u00e9sime. <strong data-start=\"692\" data-end=\"711\">Schiste RI 2020<\/strong> est une parfaite illustration de cette approche, mettant en avant la puret\u00e9 du <strong data-start=\"791\" data-end=\"803\">Riesling<\/strong> et la complexit\u00e9 des sols de schistes alsaciens.<\/p>\n<hr data-start=\"856\" data-end=\"861\" \/>\n<h3 data-start=\"863\" data-end=\"896\"><strong data-start=\"867\" data-end=\"894\">Caract\u00e9ristiques du Vin<\/strong><\/h3>\n<p data-start=\"898\" data-end=\"1228\">\ud83d\udcc5 <strong data-start=\"901\" data-end=\"914\">Mill\u00e9sime<\/strong> : 2020, offrant une belle tension et un grand potentiel de garde.<br data-start=\"980\" data-end=\"983\" \/>\ud83d\udccd <strong data-start=\"986\" data-end=\"996\">R\u00e9gion<\/strong> : <strong data-start=\"999\" data-end=\"1009\">Alsace<\/strong>, terroir de schistes, connu pour sa min\u00e9ralit\u00e9 marqu\u00e9e.<br data-start=\"1065\" data-end=\"1068\" \/>\ud83c\udf47 <strong data-start=\"1071\" data-end=\"1081\">C\u00e9page<\/strong> : <strong data-start=\"1084\" data-end=\"1096\">Riesling<\/strong>, vif et expressif, sublim\u00e9 par son sol d\u2019origine.<br data-start=\"1146\" data-end=\"1149\" \/>\ud83c\udf7e <strong data-start=\"1152\" data-end=\"1162\">Format<\/strong> : Bouteille de <strong data-start=\"1178\" data-end=\"1187\">75 cl<\/strong>.<br data-start=\"1188\" data-end=\"1191\" \/>% <strong data-start=\"1193\" data-end=\"1210\">Taux d\u2019alcool<\/strong> : <strong data-start=\"1213\" data-end=\"1226\">12 % vol.<\/strong><\/p>\n<hr data-start=\"1230\" data-end=\"1235\" \/>\n<h3 data-start=\"1237\" data-end=\"1258\"><strong data-start=\"1241\" data-end=\"1256\">D\u00e9gustation<\/strong><\/h3>\n<p data-start=\"1260\" data-end=\"1527\">\ud83d\udc43 <strong data-start=\"1263\" data-end=\"1270\">Nez<\/strong> : Ar\u00f4mes d\u00e9licats d\u2019<strong data-start=\"1291\" data-end=\"1359\">agrumes, de pierre humide, de fleurs blanches et de fines \u00e9pices<\/strong>, avec une min\u00e9ralit\u00e9 intense.<br data-start=\"1389\" data-end=\"1392\" \/>\ud83d\udc44 <strong data-start=\"1395\" data-end=\"1405\">Bouche<\/strong> : Attaque cisel\u00e9e, grande fra\u00eecheur, \u00e9quilibre parfait entre tension et mati\u00e8re, avec une finale saline et persistante.<\/p>\n<hr data-start=\"1529\" data-end=\"1534\" \/>\n<h3 data-start=\"1536\" data-end=\"1576\"><strong data-start=\"1540\" data-end=\"1574\">Un Riesling Min\u00e9ral et \u00c9l\u00e9gant<\/strong><\/h3>\n<p data-start=\"1578\" data-end=\"1713\">Avec sa puret\u00e9 et sa structure raffin\u00e9e, le <strong data-start=\"1622\" data-end=\"1641\">Schiste RI 2020<\/strong> est un blanc rac\u00e9 qui s\u00e9duira les amateurs de grands vins de terroir.<\/p>\n<p data-start=\"1715\" data-end=\"1780\" data-is-last-node=\"\" data-is-only-node=\"\">\u2728 <strong data-start=\"1717\" data-end=\"1777\">\u00c0 d\u00e9couvrir d\u00e8s maintenant sur notre boutique en ligne !<\/strong> \ud83c\udf77<\/p>\n<\/div>\n<\/div>\n<\/div>\n<\/div>\n","protected":false},"excerpt":{"rendered":"<h3 data-start=\"0\" data-end=\"41\">Schiste RI 2020 \u2013 Soil Therapy \ud83c\udf3f\ud83c\udf77<\/h3>\n<p data-start=\"43\" data-end=\"272\">Le <strong data-start=\"46\" data-end=\"65\">Schiste RI 2020<\/strong> de <strong data-start=\"69\" data-end=\"85\">Soil Therapy<\/strong> est un vin naturel profond et min\u00e9ral, issu de terroirs de <strong data-start=\"145\" data-end=\"157\">schistes<\/strong> en <strong data-start=\"161\" data-end=\"171\">Alsace<\/strong>. Ce mill\u00e9sime r\u00e9v\u00e8le une expression pure du sol, avec une belle tension et une structure \u00e9l\u00e9gante.<\/p>\n<p data-start=\"274\" data-end=\"505\">\ud83d\udcc5 <strong data-start=\"277\" data-end=\"290\">Mill\u00e9sime<\/strong> : 2020, complexe et \u00e9quilibr\u00e9.<br data-start=\"321\" data-end=\"324\" \/>\ud83d\udccd <strong data-start=\"327\" data-end=\"337\">R\u00e9gion<\/strong> : Alsace, terroir de schistes.<br data-start=\"368\" data-end=\"371\" data-is-only-node=\"\" \/>\ud83c\udf47 <strong data-start=\"374\" data-end=\"384\">C\u00e9page<\/strong> : Probablement <strong data-start=\"400\" data-end=\"412\">Riesling<\/strong>, offrant min\u00e9ralit\u00e9 et finesse.<br data-start=\"444\" data-end=\"447\" \/>\ud83c\udf7e <strong data-start=\"450\" data-end=\"460\">Format<\/strong> : 75 cl.<br data-start=\"469\" data-end=\"472\" \/>% <strong data-start=\"474\" data-end=\"491\">Taux d\u2019alcool<\/strong> : 12 % vol.<\/p>\n<p data-start=\"507\" data-end=\"659\">\ud83d\udc43 <strong data-start=\"510\" data-end=\"517\">Nez<\/strong> : Notes d\u2019agrumes, de pierre humide et de fleurs blanches.<br data-start=\"576\" data-end=\"579\" \/>\ud83d\udc44 <strong data-start=\"582\" data-end=\"592\">Bouche<\/strong> : Vive, tendue et saline, avec une finale longue et persistante.<\/p>\n<p data-start=\"661\" data-end=\"767\" data-is-last-node=\"\" data-is-only-node=\"\">Un <strong data-start=\"664\" data-end=\"688\">blanc rac\u00e9 et pr\u00e9cis<\/strong>, id\u00e9al pour les amateurs de vins min\u00e9raux. <strong data-start=\"732\" data-end=\"763\">\u00c0 d\u00e9couvrir sans attendre !<\/strong> \u2728\ud83c\udf77<\/p>\n","protected":false},"featured_media":686,"comment_status":"open","ping_status":"closed","template":"","meta":[],"product_brand":[],"product_cat":[109,111,26,271],"product_tag":[],"class_list":{"0":"post-212","1":"product","2":"type-product","3":"status-publish","4":"has-post-thumbnail","6":"product_cat-alsace","7":"product_cat-vignerons-soil-therapy","8":"product_cat-bouteilles-vins-blancs","9":"product_cat-vins-blancs-alsace","12":"first","13":"instock","14":"shipping-taxable","15":"purchasable","16":"product-type-simple"},"_links":{"self":[{"href":"https:\/\/lerousseaugrenoble.fr\/boutique\/wp-json\/wp\/v2\/product\/212","targetHints":{"allow":["GET"]}}],"collection":[{"href":"https:\/\/lerousseaugrenoble.fr\/boutique\/wp-json\/wp\/v2\/product"}],"about":[{"href":"https:\/\/lerousseaugrenoble.fr\/boutique\/wp-json\/wp\/v2\/types\/product"}],"replies":[{"embeddable":true,"href":"https:\/\/lerousseaugrenoble.fr\/boutique\/wp-json\/wp\/v2\/comments?post=212"}],"version-history":[{"count":2,"href":"https:\/\/lerousseaugrenoble.fr\/boutique\/wp-json\/wp\/v2\/product\/212\/revisions"}],"predecessor-version":[{"id":25312,"href":"https:\/\/lerousseaugrenoble.fr\/boutique\/wp-json\/wp\/v2\/product\/212\/revisions\/25312"}],"wp:featuredmedia":[{"embeddable":true,"href":"https:\/\/lerousseaugrenoble.fr\/boutique\/wp-json\/wp\/v2\/media\/686"}],"wp:attachment":[{"href":"https:\/\/lerousseaugrenoble.fr\/boutique\/wp-json\/wp\/v2\/media?parent=212"}],"wp:term":[{"taxonomy":"product_brand","embeddable":true,"href":"https:\/\/lerousseaugrenoble.fr\/boutique\/wp-json\/wp\/v2\/product_brand?post=212"},{"taxonomy":"product_cat","embeddable":true,"href":"https:\/\/lerousseaugrenoble.fr\/boutique\/wp-json\/wp\/v2\/product_cat?post=212"},{"taxonomy":"product_tag","embeddable":true,"href":"https:\/\/lerousseaugrenoble.fr\/boutique\/wp-json\/wp\/v2\/product_tag?post=212"}],"curies":[{"name":"wp","href":"https:\/\/api.w.org\/{rel}","templated":true}]}}