{"id":363,"date":"2025-02-25T16:20:38","date_gmt":"2025-02-25T15:20:38","guid":{"rendered":"https:\/\/lerousseaugrenoble.fr\/boutique\/?page_id=363"},"modified":"2025-04-30T11:35:09","modified_gmt":"2025-04-30T09:35:09","slug":"avertissements-sur-lalcool","status":"publish","type":"page","link":"https:\/\/lerousseaugrenoble.fr\/boutique\/avertissements-sur-lalcool\/","title":{"rendered":"Avertissements sur l&#8217;Alcool"},"content":{"rendered":"\t\t<div data-elementor-type=\"wp-page\" data-elementor-id=\"363\" class=\"elementor elementor-363\">\n\t\t\t\t<div class=\"elementor-element elementor-element-d22c72f e-flex e-con-boxed e-con e-parent\" data-id=\"d22c72f\" data-element_type=\"container\">\n\t\t\t\t\t<div class=\"e-con-inner\">\n\t\t\t\t<div class=\"elementor-element elementor-element-4ad7f78 elementor-widget elementor-widget-heading\" data-id=\"4ad7f78\" data-element_type=\"widget\" data-widget_type=\"heading.default\">\n\t\t\t\t<div class=\"elementor-widget-container\">\n\t\t\t\t\t<h2 class=\"elementor-heading-title elementor-size-default\">Avertissement sur l'alcool<\/h2>\t\t\t\t<\/div>\n\t\t\t\t<\/div>\n\t\t\t\t\t<\/div>\n\t\t\t\t<\/div>\n\t\t<div class=\"elementor-element elementor-element-97975c1 e-flex e-con-boxed e-con e-parent\" data-id=\"97975c1\" data-element_type=\"container\">\n\t\t\t\t\t<div class=\"e-con-inner\">\n\t\t\t\t<div class=\"elementor-element elementor-element-e455587 elementor-widget elementor-widget-heading\" data-id=\"e455587\" data-element_type=\"widget\" data-widget_type=\"heading.default\">\n\t\t\t\t<div class=\"elementor-widget-container\">\n\t\t\t\t\t<h2 class=\"elementor-heading-title elementor-size-default\">Consommation responsable<\/h2>\t\t\t\t<\/div>\n\t\t\t\t<\/div>\n\t\t\t\t\t<\/div>\n\t\t\t\t<\/div>\n\t\t<div class=\"elementor-element elementor-element-85fff3e e-flex e-con-boxed e-con e-parent\" data-id=\"85fff3e\" data-element_type=\"container\">\n\t\t\t\t\t<div class=\"e-con-inner\">\n\t\t\t\t<div class=\"elementor-element elementor-element-3b746cb elementor-widget elementor-widget-text-editor\" data-id=\"3b746cb\" data-element_type=\"widget\" data-widget_type=\"text-editor.default\">\n\t\t\t\t<div class=\"elementor-widget-container\">\n\t\t\t\t\t\t\t\t\t<p>La consommation d\u2019alcool doit se faire de mani\u00e8re mod\u00e9r\u00e9e et responsable. L\u2019abus d\u2019alcool est dangereux pour la sant\u00e9 et doit \u00eatre \u00e9vit\u00e9.<\/p>\n<p>Nous encourageons nos clients \u00e0 appr\u00e9cier nos produits avec mod\u00e9ration.<\/p>\t\t\t\t\t\t\t\t<\/div>\n\t\t\t\t<\/div>\n\t\t\t\t\t<\/div>\n\t\t\t\t<\/div>\n\t\t<div class=\"elementor-element elementor-element-e06f30b e-flex e-con-boxed e-con e-parent\" data-id=\"e06f30b\" data-element_type=\"container\">\n\t\t\t\t\t<div class=\"e-con-inner\">\n\t\t\t\t<div class=\"elementor-element elementor-element-08a97fa elementor-widget elementor-widget-heading\" data-id=\"08a97fa\" data-element_type=\"widget\" data-widget_type=\"heading.default\">\n\t\t\t\t<div class=\"elementor-widget-container\">\n\t\t\t\t\t<h2 class=\"elementor-heading-title elementor-size-default\">Interdiction aux mineurs<\/h2>\t\t\t\t<\/div>\n\t\t\t\t<\/div>\n\t\t\t\t\t<\/div>\n\t\t\t\t<\/div>\n\t\t<div class=\"elementor-element elementor-element-86fe74d e-flex e-con-boxed e-con e-parent\" data-id=\"86fe74d\" data-element_type=\"container\">\n\t\t\t\t\t<div class=\"e-con-inner\">\n\t\t\t\t<div class=\"elementor-element elementor-element-041e9f1 elementor-widget elementor-widget-text-editor\" data-id=\"041e9f1\" data-element_type=\"widget\" data-widget_type=\"text-editor.default\">\n\t\t\t\t<div class=\"elementor-widget-container\">\n\t\t\t\t\t\t\t\t\t<p>Conform\u00e9ment \u00e0 la l\u00e9gislation en vigueur, la vente d\u2019alcool aux mineurs est strictement interdite.<\/p>\n<p>En validant une commande sur notre site, vous certifiez avoir l\u2019\u00e2ge l\u00e9gal requis pour acheter et consommer de l\u2019alcool dans votre pays de r\u00e9sidence.<\/p>\t\t\t\t\t\t\t\t<\/div>\n\t\t\t\t<\/div>\n\t\t\t\t\t<\/div>\n\t\t\t\t<\/div>\n\t\t<div class=\"elementor-element elementor-element-78730bf e-flex e-con-boxed e-con e-parent\" data-id=\"78730bf\" data-element_type=\"container\">\n\t\t\t\t\t<div class=\"e-con-inner\">\n\t\t\t\t<div class=\"elementor-element elementor-element-9cad4bc elementor-widget elementor-widget-heading\" data-id=\"9cad4bc\" data-element_type=\"widget\" data-widget_type=\"heading.default\">\n\t\t\t\t<div class=\"elementor-widget-container\">\n\t\t\t\t\t<h2 class=\"elementor-heading-title elementor-size-default\">Risque pour la sant\u00e9<\/h2>\t\t\t\t<\/div>\n\t\t\t\t<\/div>\n\t\t\t\t\t<\/div>\n\t\t\t\t<\/div>\n\t\t<div class=\"elementor-element elementor-element-d624c46 e-flex e-con-boxed e-con e-parent\" data-id=\"d624c46\" data-element_type=\"container\">\n\t\t\t\t\t<div class=\"e-con-inner\">\n\t\t\t\t<div class=\"elementor-element elementor-element-4b82900 elementor-widget elementor-widget-text-editor\" data-id=\"4b82900\" data-element_type=\"widget\" data-widget_type=\"text-editor.default\">\n\t\t\t\t<div class=\"elementor-widget-container\">\n\t\t\t\t\t\t\t\t\t<p>L\u2019alcool peut avoir des effets nocifs sur la sant\u00e9, notamment lorsqu\u2019il est consomm\u00e9 en exc\u00e8s.<\/p>\n<p>Il est d\u00e9conseill\u00e9 aux femmes enceintes de consommer de l\u2019alcool.<\/p>\n<p>Pour plus d\u2019informations, veuillez consulter les recommandations des autorit\u00e9s sanitaires.<\/p>\t\t\t\t\t\t\t\t<\/div>\n\t\t\t\t<\/div>\n\t\t\t\t\t<\/div>\n\t\t\t\t<\/div>\n\t\t<div class=\"elementor-element elementor-element-68622de e-flex e-con-boxed e-con e-parent\" data-id=\"68622de\" data-element_type=\"container\">\n\t\t\t\t\t<div class=\"e-con-inner\">\n\t\t\t\t<div class=\"elementor-element elementor-element-4bfe64d elementor-widget elementor-widget-heading\" data-id=\"4bfe64d\" data-element_type=\"widget\" data-widget_type=\"heading.default\">\n\t\t\t\t<div class=\"elementor-widget-container\">\n\t\t\t\t\t<h2 class=\"elementor-heading-title elementor-size-default\">S\u00e9curit\u00e9 et alcool<\/h2>\t\t\t\t<\/div>\n\t\t\t\t<\/div>\n\t\t\t\t\t<\/div>\n\t\t\t\t<\/div>\n\t\t<div class=\"elementor-element elementor-element-6199e24 e-flex e-con-boxed e-con e-parent\" data-id=\"6199e24\" data-element_type=\"container\">\n\t\t\t\t\t<div class=\"e-con-inner\">\n\t\t\t\t<div class=\"elementor-element elementor-element-28f1902 elementor-widget elementor-widget-text-editor\" data-id=\"28f1902\" data-element_type=\"widget\" data-widget_type=\"text-editor.default\">\n\t\t\t\t<div class=\"elementor-widget-container\">\n\t\t\t\t\t\t\t\t\t<p>La consommation d\u2019alcool peut alt\u00e9rer vos capacit\u00e9s de jugement et de r\u00e9action.<\/p>\n<p>Ne conduisez pas sous l\u2019influence de l\u2019alcool et \u00e9vitez toute activit\u00e9 n\u00e9cessitant une vigilance accrue apr\u00e8s avoir consomm\u00e9 de l\u2019alcool.<\/p>\t\t\t\t\t\t\t\t<\/div>\n\t\t\t\t<\/div>\n\t\t\t\t\t<\/div>\n\t\t\t\t<\/div>\n\t\t<div class=\"elementor-element elementor-element-1f1e7aa e-flex e-con-boxed e-con e-parent\" data-id=\"1f1e7aa\" data-element_type=\"container\">\n\t\t\t\t\t<div class=\"e-con-inner\">\n\t\t\t\t<div class=\"elementor-element elementor-element-5479e4c elementor-widget elementor-widget-heading\" data-id=\"5479e4c\" data-element_type=\"widget\" data-widget_type=\"heading.default\">\n\t\t\t\t<div class=\"elementor-widget-container\">\n\t\t\t\t\t<h2 class=\"elementor-heading-title elementor-size-default\">Informations et aide<\/h2>\t\t\t\t<\/div>\n\t\t\t\t<\/div>\n\t\t\t\t\t<\/div>\n\t\t\t\t<\/div>\n\t\t<div class=\"elementor-element elementor-element-a2328dd e-flex e-con-boxed e-con e-parent\" data-id=\"a2328dd\" data-element_type=\"container\">\n\t\t\t\t\t<div class=\"e-con-inner\">\n\t\t\t\t<div class=\"elementor-element elementor-element-e1e7262 elementor-widget elementor-widget-text-editor\" data-id=\"e1e7262\" data-element_type=\"widget\" data-widget_type=\"text-editor.default\">\n\t\t\t\t<div class=\"elementor-widget-container\">\n\t\t\t\t\t\t\t\t\t<p>Si vous ou un proche avez des difficult\u00e9s li\u00e9es \u00e0 la consommation d\u2019alcool, des organisations sp\u00e9cialis\u00e9es peuvent vous apporter un soutien et des conseils.<\/p>\n<p>N\u2019h\u00e9sitez pas \u00e0 consulter des professionnels de la sant\u00e9 ou des associations d\u2019aide.<\/p>\t\t\t\t\t\t\t\t<\/div>\n\t\t\t\t<\/div>\n\t\t\t\t\t<\/div>\n\t\t\t\t<\/div>\n\t\t<div class=\"elementor-element elementor-element-cb65271 e-flex e-con-boxed e-con e-parent\" data-id=\"cb65271\" data-element_type=\"container\">\n\t\t\t\t\t<div class=\"e-con-inner\">\n\t\t\t\t<div class=\"elementor-element elementor-element-44d0bad elementor-widget elementor-widget-heading\" data-id=\"44d0bad\" data-element_type=\"widget\" data-widget_type=\"heading.default\">\n\t\t\t\t<div class=\"elementor-widget-container\">\n\t\t\t\t\t<h2 class=\"elementor-heading-title elementor-size-default\">Engagement du vendeur<\/h2>\t\t\t\t<\/div>\n\t\t\t\t<\/div>\n\t\t\t\t\t<\/div>\n\t\t\t\t<\/div>\n\t\t<div class=\"elementor-element elementor-element-35640f7 e-flex e-con-boxed e-con e-parent\" data-id=\"35640f7\" data-element_type=\"container\">\n\t\t\t\t\t<div class=\"e-con-inner\">\n\t\t\t\t<div class=\"elementor-element elementor-element-0bb3a8f elementor-widget elementor-widget-text-editor\" data-id=\"0bb3a8f\" data-element_type=\"widget\" data-widget_type=\"text-editor.default\">\n\t\t\t\t<div class=\"elementor-widget-container\">\n\t\t\t\t\t\t\t\t\t<p>Le Restaurant Le Rousseau s\u2019engage \u00e0 promouvoir une consommation responsable et \u00e0 respecter les r\u00e9glementations en vigueur concernant la vente et la promotion de l\u2019alcool.<\/p>\t\t\t\t\t\t\t\t<\/div>\n\t\t\t\t<\/div>\n\t\t\t\t\t<\/div>\n\t\t\t\t<\/div>\n\t\t<div class=\"elementor-element elementor-element-aaa2c72 e-flex e-con-boxed e-con e-parent\" data-id=\"aaa2c72\" data-element_type=\"container\">\n\t\t\t\t\t<div class=\"e-con-inner\">\n\t\t\t\t<div class=\"elementor-element elementor-element-93b1626 elementor-widget elementor-widget-heading\" data-id=\"93b1626\" data-element_type=\"widget\" data-widget_type=\"heading.default\">\n\t\t\t\t<div class=\"elementor-widget-container\">\n\t\t\t\t\t<h2 class=\"elementor-heading-title elementor-size-default\">Contact<\/h2>\t\t\t\t<\/div>\n\t\t\t\t<\/div>\n\t\t\t\t\t<\/div>\n\t\t\t\t<\/div>\n\t\t<div class=\"elementor-element elementor-element-91a50f5 e-flex e-con-boxed e-con e-parent\" data-id=\"91a50f5\" data-element_type=\"container\">\n\t\t\t\t\t<div class=\"e-con-inner\">\n\t\t\t\t<div class=\"elementor-element elementor-element-615aa0c elementor-widget elementor-widget-text-editor\" data-id=\"615aa0c\" data-element_type=\"widget\" data-widget_type=\"text-editor.default\">\n\t\t\t\t<div class=\"elementor-widget-container\">\n\t\t\t\t\t\t\t\t\t<p>Pour toute question relative \u00e0 ces avertissements, vous pouvez nous contacter \u00e0 <a href=\"mailto:contact@lerousseaugrenoble.fr\">contact@lerousseaugrenoble.fr<\/a> ou par courrier \u00e0<\/p>\n<p>&#8220;Restaurant Le Rousseau &#8211; 16 Bis Cr Saint-Andr\u00e9, 38800 Le Pont-de-Claix&#8221;<\/p>\t\t\t\t\t\t\t\t<\/div>\n\t\t\t\t<\/div>\n\t\t\t\t\t<\/div>\n\t\t\t\t<\/div>\n\t\t\t\t<\/div>\n\t\t","protected":false},"excerpt":{"rendered":"<p>Avertissement sur l&#8217;alcool Consommation responsable La consommation d\u2019alcool doit se faire de mani\u00e8re mod\u00e9r\u00e9e et responsable. L\u2019abus d\u2019alcool est dangereux pour la sant\u00e9 et doit \u00eatre \u00e9vit\u00e9. Nous encourageons nos clients \u00e0 appr\u00e9cier nos produits avec mod\u00e9ration. Interdiction aux mineurs Conform\u00e9ment \u00e0 la l\u00e9gislation en vigueur, la vente d\u2019alcool aux mineurs est strictement interdite. En [&hellip;]<\/p>\n","protected":false},"author":1,"featured_media":0,"parent":0,"menu_order":0,"comment_status":"closed","ping_status":"closed","template":"","meta":{"footnotes":""},"class_list":["post-363","page","type-page","status-publish","hentry"],"_links":{"self":[{"href":"https:\/\/lerousseaugrenoble.fr\/boutique\/wp-json\/wp\/v2\/pages\/363","targetHints":{"allow":["GET"]}}],"collection":[{"href":"https:\/\/lerousseaugrenoble.fr\/boutique\/wp-json\/wp\/v2\/pages"}],"about":[{"href":"https:\/\/lerousseaugrenoble.fr\/boutique\/wp-json\/wp\/v2\/types\/page"}],"author":[{"embeddable":true,"href":"https:\/\/lerousseaugrenoble.fr\/boutique\/wp-json\/wp\/v2\/users\/1"}],"replies":[{"embeddable":true,"href":"https:\/\/lerousseaugrenoble.fr\/boutique\/wp-json\/wp\/v2\/comments?post=363"}],"version-history":[{"count":4,"href":"https:\/\/lerousseaugrenoble.fr\/boutique\/wp-json\/wp\/v2\/pages\/363\/revisions"}],"predecessor-version":[{"id":25042,"href":"https:\/\/lerousseaugrenoble.fr\/boutique\/wp-json\/wp\/v2\/pages\/363\/revisions\/25042"}],"wp:attachment":[{"href":"https:\/\/lerousseaugrenoble.fr\/boutique\/wp-json\/wp\/v2\/media?parent=363"}],"curies":[{"name":"wp","href":"https:\/\/api.w.org\/{rel}","templated":true}]}}